CRAN Package Check Results for Package jaod

Last updated on 2023-01-27 15:50:14 CET.

Flavor Version Tinstall Tcheck Ttotal Status Flags
r-devel-linux-x86_64-debian-clang 0.3.0 2.10 27.41 29.51 NOTE
r-devel-linux-x86_64-debian-gcc 0.3.0 1.21 21.44 22.65 NOTE
r-devel-linux-x86_64-fedora-clang 0.3.0 38.12 NOTE
r-devel-linux-x86_64-fedora-gcc 0.3.0 36.34 NOTE
r-devel-windows-x86_64 0.3.0 13.00 59.00 72.00 NOTE
r-patched-linux-x86_64 0.3.0 2.15 27.24 29.39 NOTE
r-release-linux-x86_64 0.3.0 1.34 26.91 28.25 NOTE
r-release-macos-arm64 0.3.0 17.00 NOTE
r-release-macos-x86_64 0.3.0 24.00 NOTE
r-release-windows-x86_64 0.3.0 10.00 60.00 70.00 NOTE
r-oldrel-macos-arm64 0.3.0 20.00 NOTE
r-oldrel-macos-x86_64 0.3.0 26.00 NOTE
r-oldrel-windows-ix86+x86_64 0.3.0 6.00 60.00 66.00 NOTE

Check Details

Version: 0.3.0
Check: LazyData
Result: NOTE
     'LazyData' is specified without a 'data' directory
Flavors: r-devel-linux-x86_64-debian-clang, r-devel-linux-x86_64-debian-gcc, r-devel-linux-x86_64-fedora-clang, r-devel-linux-x86_64-fedora-gcc, r-devel-windows-x86_64, r-patched-linux-x86_64, r-release-linux-x86_64, r-release-macos-arm64, r-release-macos-x86_64, r-release-windows-x86_64, r-oldrel-macos-arm64, r-oldrel-macos-x86_64, r-oldrel-windows-ix86+x86_64