Last updated on 2022-07-04 14:51:30 CEST.
Flavor | Version | Tinstall | Tcheck | Ttotal | Status | Flags |
---|---|---|---|---|---|---|
r-devel-linux-x86_64-debian-clang | 0.1.0 | 5.72 | 54.87 | 60.59 | OK | |
r-devel-linux-x86_64-debian-gcc | 0.1.0 | 3.84 | 41.46 | 45.30 | OK | |
r-devel-linux-x86_64-fedora-clang | 0.1.0 | 81.52 | NOTE | |||
r-devel-linux-x86_64-fedora-gcc | 0.1.0 | 79.87 | NOTE | |||
r-devel-windows-x86_64 | 0.1.0 | 25.00 | 81.00 | 106.00 | OK | |
r-patched-linux-x86_64 | 0.1.0 | 4.97 | 52.66 | 57.63 | OK | |
r-release-linux-x86_64 | 0.1.0 | 4.55 | 51.21 | 55.76 | OK | |
r-release-macos-arm64 | 0.1.0 | 22.00 | NOTE | |||
r-release-macos-x86_64 | 0.1.0 | 46.00 | NOTE | |||
r-release-windows-x86_64 | 0.1.0 | 26.00 | 83.00 | 109.00 | OK | |
r-oldrel-macos-arm64 | 0.1.0 | 128.00 | NOTE | |||
r-oldrel-macos-x86_64 | 0.1.0 | 34.00 | NOTE | |||
r-oldrel-windows-ix86+x86_64 | 0.1.0 | 14.00 | 70.00 | 84.00 | OK |
Version: 0.1.0
Check: data for non-ASCII characters
Result: NOTE
Note: found 1984 marked UTF-8 strings
Flavors: r-devel-linux-x86_64-fedora-clang, r-devel-linux-x86_64-fedora-gcc, r-release-macos-arm64, r-release-macos-x86_64, r-oldrel-macos-arm64, r-oldrel-macos-x86_64