CRAN Package Check Results for Package jarbes

Last updated on 2020-08-10 17:48:08 CEST.

Flavor Version Tinstall Tcheck Ttotal Status Flags
r-devel-linux-x86_64-debian-clang 1.7.2 3.38 30.21 33.59 OK
r-devel-linux-x86_64-debian-gcc 1.7.2 2.62 23.89 26.51 OK
r-devel-linux-x86_64-fedora-clang 1.7.2 48.98 NOTE
r-devel-linux-x86_64-fedora-gcc 1.7.2 39.13 NOTE
r-devel-windows-ix86+x86_64 1.7.2 9.00 70.00 79.00 OK
r-patched-linux-x86_64 1.7.2 3.00 30.24 33.24 OK
r-patched-solaris-x86 1.7.2 63.60 NOTE
r-release-linux-x86_64 1.7.2 3.55 29.85 33.40 OK
r-release-macos-x86_64 1.7.2 NOTE
r-release-windows-ix86+x86_64 1.7.2 14.00 60.00 74.00 OK
r-oldrel-macos-x86_64 1.7.2 NOTE
r-oldrel-windows-ix86+x86_64 1.7.2 7.00 45.00 52.00 OK

Check Details

Version: 1.7.2
Check: dependencies in R code
Result: NOTE
    Namespaces in Imports field not imported from:
     ‘MASS’ ‘ggExtra’ ‘ggplot2’ ‘grid’ ‘gridExtra’ ‘mcmcplots’
     All declared Imports should be used.
Flavors: r-devel-linux-x86_64-fedora-clang, r-devel-linux-x86_64-fedora-gcc, r-patched-solaris-x86, r-release-macos-x86_64, r-oldrel-macos-x86_64