CRAN Package Check Results for Package jetset

Last updated on 2019-05-20 22:53:38 CEST.

Flavor Version Tinstall Tcheck Ttotal Status Flags
r-devel-linux-x86_64-debian-clang 3.4.0 11.01 104.30 115.31 OK
r-devel-linux-x86_64-debian-gcc 3.4.0 10.78 83.76 94.54 OK
r-devel-linux-x86_64-fedora-clang 3.4.0 136.26 OK
r-devel-linux-x86_64-fedora-gcc 3.4.0 137.90 OK
r-devel-windows-ix86+x86_64 3.4.0 30.00 143.00 173.00 OK
r-patched-linux-x86_64 3.4.0 11.46 104.37 115.83 OK
r-patched-solaris-x86 3.4.0 219.70 OK
r-release-linux-x86_64 3.4.0 12.86 103.34 116.20 OK
r-release-windows-ix86+x86_64 3.4.0 30.00 110.00 140.00 OK
r-release-osx-x86_64 3.4.0 ERROR
r-oldrel-windows-ix86+x86_64 3.4.0 14.00 105.00 119.00 OK
r-oldrel-osx-x86_64 3.4.0 OK

Check Details

Version: 3.4.0
Check: package dependencies
Result: ERROR
    Packages required but not available: 'org.Hs.eg.db', 'AnnotationDbi'
    
    See section ‘The DESCRIPTION file’ in the ‘Writing R Extensions’
    manual.
Flavor: r-release-osx-x86_64