CRAN Package Check Results for Package jetset

Last updated on 2018-10-16 14:47:04 CEST.

Flavor Version Tinstall Tcheck Ttotal Status Flags
r-devel-linux-x86_64-debian-clang 3.4.0 10.16 127.36 137.52 OK
r-devel-linux-x86_64-debian-gcc 3.4.0 8.38 98.62 107.00 OK
r-devel-linux-x86_64-fedora-clang 3.4.0 161.75 OK
r-devel-linux-x86_64-fedora-gcc 3.4.0 159.19 OK
r-devel-windows-ix86+x86_64 3.4.0 24.00 172.00 196.00 OK
r-patched-linux-x86_64 3.4.0 7.10 101.40 108.50 OK
r-patched-solaris-x86 3.4.0 195.80 OK
r-release-linux-x86_64 3.4.0 7.90 101.72 109.62 OK
r-release-windows-ix86+x86_64 3.4.0 20.00 116.00 136.00 OK
r-release-osx-x86_64 3.4.0 OK
r-oldrel-windows-ix86+x86_64 3.4.0 15.00 108.00 123.00 OK
r-oldrel-osx-x86_64 3.4.0 ERROR

Check Details

Version: 3.4.0
Check: package dependencies
Result: ERROR
    Package required but not available: ‘org.Hs.eg.db’
    
    See section ‘The DESCRIPTION file’ in the ‘Writing R Extensions’
    manual.
Flavor: r-oldrel-osx-x86_64