CRAN Package Check Results for Package jetset

Last updated on 2019-01-16 20:50:10 CET.

Flavor Version Tinstall Tcheck Ttotal Status Flags
r-devel-linux-x86_64-debian-clang 3.4.0 8.49 106.62 115.11 OK
r-devel-linux-x86_64-debian-gcc 3.4.0 7.09 83.24 90.33 OK
r-devel-linux-x86_64-fedora-clang 3.4.0 137.94 OK
r-devel-linux-x86_64-fedora-gcc 3.4.0 130.24 OK
r-devel-windows-ix86+x86_64 3.4.0 15.00 119.00 134.00 OK
r-patched-linux-x86_64 3.4.0 7.80 100.40 108.20 OK
r-patched-solaris-x86 3.4.0 202.70 OK
r-release-linux-x86_64 3.4.0 8.36 100.13 108.49 OK
r-release-windows-ix86+x86_64 3.4.0 14.00 105.00 119.00 OK
r-release-osx-x86_64 3.4.0 OK
r-oldrel-windows-ix86+x86_64 3.4.0 15.00 156.00 171.00 OK
r-oldrel-osx-x86_64 3.4.0 ERROR

Check Details

Version: 3.4.0
Check: package dependencies
Result: ERROR
    Package required but not available: ‘org.Hs.eg.db’
    
    See section ‘The DESCRIPTION file’ in the ‘Writing R Extensions’
    manual.
Flavor: r-oldrel-osx-x86_64