CRAN Package Check Results for Package jetset

Last updated on 2018-08-19 15:47:41 CEST.

Flavor Version Tinstall Tcheck Ttotal Status Flags
r-devel-linux-x86_64-debian-clang 3.4.0 9.60 123.69 133.29 OK
r-devel-linux-x86_64-debian-gcc 3.4.0 8.25 99.28 107.53 OK
r-devel-linux-x86_64-fedora-clang 3.4.0 158.09 OK
r-devel-linux-x86_64-fedora-gcc 3.4.0 158.68 OK
r-devel-windows-ix86+x86_64 3.4.0 23.00 172.00 195.00 OK
r-patched-linux-x86_64 3.4.0 7.75 100.85 108.60 OK
r-patched-solaris-x86 3.4.0 200.20 OK
r-release-linux-x86_64 3.4.0 8.41 101.67 110.08 OK
r-release-windows-ix86+x86_64 3.4.0 20.00 116.00 136.00 OK
r-release-osx-x86_64 3.4.0 OK
r-oldrel-windows-ix86+x86_64 3.4.0 15.00 108.00 123.00 OK
r-oldrel-osx-x86_64 3.4.0 ERROR

Check Details

Version: 3.4.0
Check: package dependencies
Result: ERROR
    Package required but not available: ‘org.Hs.eg.db’
    
    See section ‘The DESCRIPTION file’ in the ‘Writing R Extensions’
    manual.
Flavor: r-oldrel-osx-x86_64