CRAN Package Check Results for Package jetset

Last updated on 2018-06-23 00:46:28 CEST.

Flavor Version Tinstall Tcheck Ttotal Status Flags
r-devel-linux-x86_64-debian-clang 3.4.0 8.63 126.20 134.83 OK
r-devel-linux-x86_64-debian-gcc 3.4.0 8.64 99.91 108.55 OK
r-devel-linux-x86_64-fedora-clang 3.4.0 161.74 OK
r-devel-linux-x86_64-fedora-gcc 3.4.0 155.45 OK
r-devel-windows-ix86+x86_64 3.4.0 23.00 124.00 147.00 OK
r-patched-linux-x86_64 3.4.0 8.80 102.47 111.27 OK
r-patched-solaris-x86 3.4.0 193.40 OK
r-release-linux-x86_64 3.4.0 8.30 101.58 109.88 OK
r-release-windows-ix86+x86_64 3.4.0 20.00 116.00 136.00 OK
r-release-osx-x86_64 3.4.0 OK
r-oldrel-windows-ix86+x86_64 3.4.0 15.00 108.00 123.00 OK
r-oldrel-osx-x86_64 3.4.0 ERROR

Check Details

Version: 3.4.0
Check: package dependencies
Result: ERROR
    Package required but not available: ‘org.Hs.eg.db’
    
    See section ‘The DESCRIPTION file’ in the ‘Writing R Extensions’
    manual.
Flavor: r-oldrel-osx-x86_64