CRAN Package Check Results for Package jipApprox

Last updated on 2021-09-25 13:51:50 CEST.

Flavor Version Tinstall Tcheck Ttotal Status Flags
r-devel-linux-x86_64-debian-clang 0.1.3 2.94 24.40 27.34 NOTE
r-devel-linux-x86_64-debian-gcc 0.1.3 2.00 19.38 21.38 NOTE
r-devel-linux-x86_64-fedora-clang 0.1.3 42.03 NOTE
r-devel-linux-x86_64-fedora-gcc 0.1.3 31.65 NOTE
r-devel-windows-x86_64 0.1.3 4.00 31.00 35.00 NOTE
r-devel-windows-x86_64-gcc10-UCRT 0.1.3 NOTE
r-patched-linux-x86_64 0.1.3 2.40 24.01 26.41 NOTE
r-patched-solaris-x86 0.1.3 48.60 NOTE
r-release-linux-x86_64 0.1.3 2.69 23.93 26.62 NOTE
r-release-macos-arm64 0.1.3 NOTE
r-release-macos-x86_64 0.1.3 NOTE
r-release-windows-ix86+x86_64 0.1.3 6.00 32.00 38.00 NOTE
r-oldrel-macos-x86_64 0.1.3 OK
r-oldrel-windows-ix86+x86_64 0.1.3 5.00 31.00 36.00 OK

Check Details

Version: 0.1.3
Check: LazyData
Result: NOTE
     'LazyData' is specified without a 'data' directory
Flavors: r-devel-linux-x86_64-debian-clang, r-devel-linux-x86_64-debian-gcc, r-devel-linux-x86_64-fedora-clang, r-devel-linux-x86_64-fedora-gcc, r-devel-windows-x86_64, r-devel-windows-x86_64-gcc10-UCRT, r-patched-linux-x86_64, r-patched-solaris-x86, r-release-linux-x86_64, r-release-macos-arm64, r-release-macos-x86_64, r-release-windows-ix86+x86_64