CRAN Package Check Results for Package jmBIG

Last updated on 2024-03-04 04:51:33 CET.

Flavor Version Tinstall Tcheck Ttotal Status Flags
r-devel-linux-x86_64-debian-clang 0.1.1 29.45 284.84 314.29 OK
r-devel-linux-x86_64-debian-gcc 0.1.1 22.66 212.30 234.96 OK
r-devel-linux-x86_64-fedora-clang 0.1.1 2.17 ERROR
r-devel-linux-x86_64-fedora-gcc 0.1.1 2.46 ERROR
r-devel-windows-x86_64 0.1.1 25.00 194.00 219.00 OK
r-patched-linux-x86_64 0.1.1 52.17 281.13 333.30 OK
r-release-linux-x86_64 0.1.1 0.28 1.81 2.09 ERROR
r-release-macos-arm64 0.1.1 102.00 OK
r-release-macos-x86_64 0.1.1 180.00 OK
r-release-windows-x86_64 0.1.1 27.00 261.00 288.00 OK
r-oldrel-macos-arm64 0.1.1 110.00 OK
r-oldrel-windows-x86_64 0.1.1 27.00 239.00 266.00 OK

Check Details

Version: 0.1.1
Check: package dependencies
Result: ERROR Package required but not available: ‘FastJM’ See section ‘The DESCRIPTION file’ in the ‘Writing R Extensions’ manual. Flavors: r-devel-linux-x86_64-fedora-clang, r-devel-linux-x86_64-fedora-gcc

Version: 0.1.1
Check: package dependencies
Result: ERROR Package required but not available: ‘rstanarm’ See section ‘The DESCRIPTION file’ in the ‘Writing R Extensions’ manual. Flavor: r-release-linux-x86_64