Last updated on 2023-06-07 13:01:55 CEST.
Flavor | Version | Tinstall | Tcheck | Ttotal | Status | Flags |
---|---|---|---|---|---|---|
r-devel-linux-x86_64-debian-clang | 1.1 | 165.03 | 33.55 | 198.58 | OK | |
r-devel-linux-x86_64-debian-gcc | 1.1 | 136.26 | 26.37 | 162.63 | OK | |
r-devel-linux-x86_64-fedora-clang | 1.1 | 317.52 | OK | |||
r-devel-linux-x86_64-fedora-gcc | 1.1 | 327.76 | OK | |||
r-devel-windows-x86_64 | 1.1 | 113.00 | 84.00 | 197.00 | OK | |
r-patched-linux-x86_64 | 1.1 | 150.04 | 32.10 | 182.14 | OK | |
r-release-linux-x86_64 | 1.1 | 141.53 | 32.47 | 174.00 | OK | |
r-release-macos-arm64 | 1.1 | 81.00 | NOTE | |||
r-release-macos-x86_64 | 1.1 | 134.00 | NOTE | |||
r-release-windows-x86_64 | 1.1 | 121.00 | 92.00 | 213.00 | OK | |
r-oldrel-macos-arm64 | 1.1 | 73.00 | NOTE | |||
r-oldrel-macos-x86_64 | 1.1 | 87.00 | NOTE | |||
r-oldrel-windows-x86_64 | 1.1 | 152.00 | 85.00 | 237.00 | OK |
Version: 1.1
Check: installed package size
Result: NOTE
installed size is 11.5Mb
sub-directories of 1Mb or more:
libs 11.3Mb
Flavors: r-release-macos-arm64, r-release-macos-x86_64, r-oldrel-macos-arm64, r-oldrel-macos-x86_64