CRAN Package Check Results for Package jmcm

Last updated on 2019-06-16 21:46:41 CEST.

Flavor Version Tinstall Tcheck Ttotal Status Flags
r-devel-linux-x86_64-debian-clang 0.2.1 54.84 132.74 187.58 OK
r-devel-linux-x86_64-debian-gcc 0.2.1 39.94 134.76 174.70 OK
r-devel-linux-x86_64-fedora-clang 0.2.1 246.57 NOTE
r-devel-linux-x86_64-fedora-gcc 0.2.1 275.49 NOTE
r-devel-windows-ix86+x86_64 0.2.1 147.00 450.00 597.00 OK
r-patched-linux-x86_64 0.2.1 49.33 167.13 216.46 OK
r-patched-solaris-x86 0.2.1 470.70 NOTE
r-release-linux-x86_64 0.2.1 47.13 166.83 213.96 OK
r-release-windows-ix86+x86_64 0.2.1 115.00 484.00 599.00 OK
r-release-osx-x86_64 0.2.1 NOTE
r-oldrel-windows-ix86+x86_64 0.2.1 104.00 473.00 577.00 OK
r-oldrel-osx-x86_64 0.2.1 NOTE

Check Details

Version: 0.2.1
Check: installed package size
Result: NOTE
     installed size is 5.5Mb
     sub-directories of 1Mb or more:
     libs 4.4Mb
Flavors: r-devel-linux-x86_64-fedora-clang, r-release-osx-x86_64, r-oldrel-osx-x86_64

Version: 0.2.1
Check: dependencies in R code
Result: NOTE
    Namespace in Imports field not imported from: ‘lattice’
     All declared Imports should be used.
Flavors: r-devel-linux-x86_64-fedora-clang, r-devel-linux-x86_64-fedora-gcc, r-patched-solaris-x86, r-release-osx-x86_64, r-oldrel-osx-x86_64