Last updated on 2021-01-17 01:49:45 CET.
Flavor | Version | Tinstall | Tcheck | Ttotal | Status | Flags |
---|---|---|---|---|---|---|
r-devel-linux-x86_64-debian-clang | 0.2.4 | 52.76 | 58.59 | 111.35 | OK | |
r-devel-linux-x86_64-debian-gcc | 0.2.4 | 30.95 | 47.14 | 78.09 | OK | |
r-devel-linux-x86_64-fedora-clang | 0.2.4 | 166.57 | NOTE | |||
r-devel-linux-x86_64-fedora-gcc | 0.2.4 | 137.30 | OK | |||
r-devel-windows-ix86+x86_64 | 0.2.4 | 79.00 | 97.00 | 176.00 | OK | |
r-patched-linux-x86_64 | 0.2.4 | 38.13 | 57.65 | 95.78 | OK | |
r-patched-solaris-x86 | 0.2.4 | 139.00 | OK | |||
r-release-linux-x86_64 | 0.2.4 | 39.97 | 58.10 | 98.07 | OK | |
r-release-macos-x86_64 | 0.2.4 | NOTE | ||||
r-release-windows-ix86+x86_64 | 0.2.4 | 110.00 | 113.00 | 223.00 | OK | |
r-oldrel-macos-x86_64 | 0.2.4 | NOTE | ||||
r-oldrel-windows-ix86+x86_64 | 0.2.4 | 72.00 | 85.00 | 157.00 | OK |
Version: 0.2.4
Check: installed package size
Result: NOTE
installed size is 5.8Mb
sub-directories of 1Mb or more:
libs 4.5Mb
Flavors: r-devel-linux-x86_64-fedora-clang, r-release-macos-x86_64, r-oldrel-macos-x86_64