CRAN Package Check Results for Package jmotif

Last updated on 2019-11-19 15:48:50 CET.

Flavor Version Tinstall Tcheck Ttotal Status Flags
r-devel-linux-x86_64-debian-clang 1.0.3 253.73 32.35 286.08 OK
r-devel-linux-x86_64-debian-gcc 1.0.3 172.93 26.07 199.00 OK
r-devel-linux-x86_64-fedora-clang 1.0.3 396.60 WARN
r-devel-linux-x86_64-fedora-gcc 1.0.3 370.93 OK
r-devel-windows-ix86+x86_64 1.0.3 587.00 101.00 688.00 OK
r-devel-windows-ix86+x86_64-gcc8 1.0.3 632.00 77.00 709.00 OK
r-patched-linux-x86_64 1.0.3 198.22 30.49 228.71 OK
r-patched-solaris-x86 1.0.3 309.20 OK
r-release-linux-x86_64 1.0.3 185.25 30.54 215.79 OK
r-release-windows-ix86+x86_64 1.0.3 486.00 103.00 589.00 OK
r-release-osx-x86_64 1.0.3 NOTE
r-oldrel-windows-ix86+x86_64 1.0.3 533.00 93.00 626.00 OK
r-oldrel-osx-x86_64 1.0.3 NOTE

Check Details

Version: 1.0.3
Check: whether package can be installed
Result: WARN
    Found the following significant warnings:
     znorm.cpp:44:59: warning: 'bind2nd<std::__1::minus<double>, double>' is deprecated [-Wdeprecated-declarations]
Flavor: r-devel-linux-x86_64-fedora-clang

Version: 1.0.3
Check: installed package size
Result: NOTE
     installed size is 7.8Mb
     sub-directories of 1Mb or more:
     data 1.1Mb
     libs 6.6Mb
Flavors: r-devel-linux-x86_64-fedora-clang, r-release-osx-x86_64, r-oldrel-osx-x86_64