CRAN Package Check Results for Package jmvconnect

Last updated on 2024-05-27 07:49:25 CEST.

Flavor Version Tinstall Tcheck Ttotal Status Flags
r-devel-linux-x86_64-debian-clang 2.3.13 27.84 32.21 60.05 NOTE
r-devel-linux-x86_64-debian-gcc 2.3.13 19.60 25.05 44.65 NOTE
r-devel-linux-x86_64-fedora-clang 2.3.13 87.16 NOTE
r-devel-linux-x86_64-fedora-gcc 2.3.13 81.80 NOTE
r-devel-windows-x86_64 2.3.13 30.00 64.00 94.00 NOTE
r-patched-linux-x86_64 2.3.13 24.70 31.98 56.68 NOTE
r-release-linux-x86_64 2.3.13 25.00 31.02 56.02 NOTE
r-release-macos-arm64 2.3.13 26.00 NOTE
r-release-windows-x86_64 2.3.13 30.00 68.00 98.00 NOTE
r-oldrel-macos-arm64 2.3.13 28.00 NOTE
r-oldrel-macos-x86_64 2.3.13 41.00 NOTE
r-oldrel-windows-x86_64 2.3.13 36.00 75.00 111.00 NOTE

Check Details

Version: 2.3.13
Check: C++ specification
Result: NOTE Specified C++11: please drop specification unless essential Flavors: r-devel-linux-x86_64-debian-clang, r-devel-linux-x86_64-debian-gcc, r-devel-linux-x86_64-fedora-clang, r-devel-linux-x86_64-fedora-gcc, r-devel-windows-x86_64, r-patched-linux-x86_64, r-release-linux-x86_64, r-release-macos-arm64, r-release-windows-x86_64, r-oldrel-macos-arm64, r-oldrel-macos-x86_64, r-oldrel-windows-x86_64