CRAN Package Check Results for Package jmvcore

Last updated on 2019-05-26 16:48:27 CEST.

Flavor Version Tinstall Tcheck Ttotal Status Flags
r-devel-linux-x86_64-debian-clang 0.9.6.4 19.14 28.72 47.86 OK
r-devel-linux-x86_64-debian-gcc 0.9.6.4 18.52 23.03 41.55 OK
r-devel-linux-x86_64-fedora-clang 0.9.6.4 62.84 OK
r-devel-linux-x86_64-fedora-gcc 0.9.6.4 59.90 OK
r-devel-windows-ix86+x86_64 0.9.6.4 22.00 54.00 76.00 OK
r-patched-linux-x86_64 0.9.6.4 OK
r-patched-solaris-x86 0.9.6.4 83.00 NOTE
r-release-linux-x86_64 0.9.6.4 24.78 28.87 53.65 OK
r-release-windows-ix86+x86_64 0.9.6.4 38.00 42.00 80.00 OK
r-release-osx-x86_64 0.9.6.4 OK
r-oldrel-windows-ix86+x86_64 0.9.6.4 49.00 46.00 95.00 OK
r-oldrel-osx-x86_64 0.9.6.4 OK

Check Details

Version: 0.9.6.4
Check: package dependencies
Result: NOTE
    Package suggested but not available for checking: ‘RProtoBuf’
Flavor: r-patched-solaris-x86