CRAN Package Check Results for Package jmvcore

Last updated on 2019-03-24 16:49:40 CET.

Flavor Version Tinstall Tcheck Ttotal Status Flags
r-devel-linux-x86_64-debian-clang 0.9.5.2 21.05 28.10 49.15 OK
r-devel-linux-x86_64-debian-gcc 0.9.5.2 17.71 22.24 39.95 OK
r-devel-linux-x86_64-fedora-clang 0.9.5.2 63.44 OK
r-devel-linux-x86_64-fedora-gcc 0.9.5.2 58.43 OK
r-devel-windows-ix86+x86_64 0.9.5.2 38.00 56.00 94.00 OK
r-patched-linux-x86_64 0.9.5.2 16.51 25.84 42.35 OK
r-patched-solaris-x86 0.9.5.2 77.20 NOTE
r-release-linux-x86_64 0.9.5.2 18.89 26.05 44.94 OK
r-release-windows-ix86+x86_64 0.9.5.2 26.00 38.00 64.00 WARN
r-release-osx-x86_64 0.9.5.2 OK
r-oldrel-windows-ix86+x86_64 0.9.5.2 40.00 44.00 84.00 OK
r-oldrel-osx-x86_64 0.9.5.2 OK

Check Details

Version: 0.9.5.2
Check: package dependencies
Result: NOTE
    Package suggested but not available for checking: ‘RProtoBuf’
Flavor: r-patched-solaris-x86

Version: 0.9.5.2
Check: whether package can be installed
Result: WARN
    Found the following significant warnings:
     Warning: S3 methods '.DollarNames.Message', '.DollarNames.Descriptor', '.DollarNames.EnumDescriptor', '.DollarNames.EnumValueDescriptor', '.DollarNames.FileDescriptor', '.DollarNames.FieldDescriptor', '.DollarNames.ServiceDescriptor', '.DollarNames.MethodDescriptor', '.DollarNames.ZeroCopyInputStream', '.DollarNames.ZeroCopyOutputStream', 'with.Message', 'within.Message', 'as.list.Message', 'as.list.Descriptor', 'as.list.EnumDescriptor', 'as.list.FileDescriptor', 'as.list.ServiceDescriptor' were declared in NAMESPACE but not found
Flavor: r-release-windows-ix86+x86_64