CRAN Package Check Results for Package joinXL

Last updated on 2019-04-20 10:47:43 CEST.

Flavor Version Tinstall Tcheck Ttotal Status Flags
r-devel-linux-x86_64-debian-clang 1.0.1 5.67 57.39 63.06 OK
r-devel-linux-x86_64-debian-gcc 1.0.1 5.88 47.04 52.92 OK
r-devel-linux-x86_64-fedora-clang 1.0.1 75.12 OK
r-devel-linux-x86_64-fedora-gcc 1.0.1 72.10 OK
r-devel-windows-ix86+x86_64 1.0.1 19.00 65.00 84.00 OK
r-patched-linux-x86_64 1.0.1 5.70 55.70 61.40 OK
r-patched-solaris-x86 1.0.1 120.00 OK
r-release-linux-x86_64 1.0.1 3.69 53.99 57.68 NOTE
r-release-windows-ix86+x86_64 1.0.1 8.00 92.00 100.00 OK
r-release-osx-x86_64 1.0.1 OK
r-oldrel-windows-ix86+x86_64 1.0.1 13.00 97.00 110.00 OK
r-oldrel-osx-x86_64 1.0.1 OK

Check Details

Version: 1.0.1
Check: DESCRIPTION meta-information
Result: NOTE
    Dependence on R version ‘3.3.1’ not with patchlevel 0
Flavor: r-release-linux-x86_64