CRAN Package Check Results for Package josaplay

Last updated on 2022-08-10 15:51:26 CEST.

Flavor Version Tinstall Tcheck Ttotal Status Flags
r-devel-linux-x86_64-debian-clang 0.1.3 1.29 21.89 23.18 NOTE
r-devel-linux-x86_64-debian-gcc 0.1.3 1.56 17.17 18.73 NOTE
r-devel-linux-x86_64-fedora-clang 0.1.3 39.86 NOTE
r-devel-linux-x86_64-fedora-gcc 0.1.3 40.35 NOTE
r-devel-windows-x86_64 0.1.3 12.00 52.00 64.00 NOTE
r-patched-linux-x86_64 0.1.3 2.07 21.49 23.56 NOTE
r-release-linux-x86_64 0.1.3 NOTE
r-release-macos-arm64 0.1.3 18.00 NOTE
r-release-macos-x86_64 0.1.3 20.00 NOTE
r-release-windows-x86_64 0.1.3 9.00 51.00 60.00 NOTE
r-oldrel-macos-arm64 0.1.3 17.00 NOTE
r-oldrel-macos-x86_64 0.1.3 25.00 NOTE
r-oldrel-windows-ix86+x86_64 0.1.3 5.00 38.00 43.00 NOTE

Check Details

Version: 0.1.3
Check: LazyData
Result: NOTE
     'LazyData' is specified without a 'data' directory
Flavors: r-devel-linux-x86_64-debian-clang, r-devel-linux-x86_64-debian-gcc, r-devel-linux-x86_64-fedora-clang, r-devel-linux-x86_64-fedora-gcc, r-devel-windows-x86_64, r-patched-linux-x86_64, r-release-linux-x86_64, r-release-macos-arm64, r-release-macos-x86_64, r-release-windows-x86_64, r-oldrel-macos-arm64, r-oldrel-macos-x86_64, r-oldrel-windows-ix86+x86_64