CRAN Package Check Results for Package jsTreeR

Last updated on 2022-10-02 08:55:17 CEST.

Flavor Version Tinstall Tcheck Ttotal Status Flags
r-devel-linux-x86_64-debian-clang 2.1.0 7.40 49.58 56.98 OK
r-devel-linux-x86_64-debian-gcc 2.1.0 4.68 39.39 44.07 OK
r-devel-linux-x86_64-fedora-clang 2.1.0 79.65 NOTE
r-devel-linux-x86_64-fedora-gcc 2.1.0 75.43 NOTE
r-devel-windows-x86_64 2.1.0 1034.00 155.00 1189.00 OK
r-patched-linux-x86_64 2.1.0 7.34 48.26 55.60 OK
r-release-linux-x86_64 2.1.0 6.86 48.15 55.01 OK
r-release-macos-arm64 2.1.0 26.00 NOTE
r-release-macos-x86_64 2.1.0 37.00 NOTE
r-release-windows-x86_64 2.1.0 802.00 97.00 899.00 OK
r-oldrel-macos-arm64 2.1.0 27.00 NOTE
r-oldrel-macos-x86_64 2.1.0 35.00 NOTE
r-oldrel-windows-ix86+x86_64 2.1.0 22.00 78.00 100.00 OK

Check Details

Version: 2.1.0
Check: installed package size
Result: NOTE
     installed size is 7.3Mb
     sub-directories of 1Mb or more:
     examples 2.9Mb
     htmlwidgets 1.5Mb
     www 2.7Mb
Flavors: r-devel-linux-x86_64-fedora-clang, r-release-macos-arm64, r-release-macos-x86_64, r-oldrel-macos-arm64, r-oldrel-macos-x86_64

Version: 2.1.0
Check: data for non-ASCII characters
Result: NOTE
     Note: found 17 marked UTF-8 strings
Flavors: r-devel-linux-x86_64-fedora-clang, r-devel-linux-x86_64-fedora-gcc, r-release-macos-arm64, r-release-macos-x86_64, r-oldrel-macos-arm64, r-oldrel-macos-x86_64