CRAN Package Check Results for Package jsTreeR

Last updated on 2023-03-29 02:55:29 CEST.

Flavor Version Tinstall Tcheck Ttotal Status Flags
r-devel-linux-x86_64-debian-clang 2.3.1 6.36 46.99 53.35 OK
r-devel-linux-x86_64-debian-gcc 2.3.1 5.51 36.78 42.29 OK
r-devel-linux-x86_64-fedora-clang 2.3.1 66.69 NOTE
r-devel-linux-x86_64-fedora-gcc 2.3.1 62.07 NOTE
r-devel-windows-x86_64 2.3.1 1152.00 0.00 1152.00 OK
r-patched-linux-x86_64 2.3.1 6.83 44.84 51.67 OK
r-release-linux-x86_64 2.3.1 6.74 48.78 55.52 OK
r-release-macos-arm64 2.3.1 27.00 NOTE
r-release-macos-x86_64 2.3.1 35.00 NOTE
r-release-windows-x86_64 2.3.1 242.00 148.00 390.00 OK
r-oldrel-macos-arm64 2.3.1 28.00 NOTE
r-oldrel-macos-x86_64 2.3.1 40.00 NOTE
r-oldrel-windows-ix86+x86_64 2.3.1 22.00 85.00 107.00 OK

Check Details

Version: 2.3.1
Check: installed package size
Result: NOTE
     installed size is 6.9Mb
     sub-directories of 1Mb or more:
     examples 2.9Mb
     htmlwidgets 1.1Mb
     www 2.7Mb
Flavors: r-devel-linux-x86_64-fedora-clang, r-release-macos-arm64, r-release-macos-x86_64, r-oldrel-macos-arm64, r-oldrel-macos-x86_64

Version: 2.3.1
Check: data for non-ASCII characters
Result: NOTE
     Note: found 17 marked UTF-8 strings
Flavors: r-devel-linux-x86_64-fedora-clang, r-devel-linux-x86_64-fedora-gcc