Last updated on 2022-07-04 09:50:06 CEST.
Flavor | Version | Tinstall | Tcheck | Ttotal | Status | Flags |
---|---|---|---|---|---|---|
r-devel-linux-x86_64-debian-clang | 2.0.0 | 34.94 | 34.02 | 68.96 | OK | |
r-devel-linux-x86_64-debian-gcc | 2.0.0 | 33.53 | 26.62 | 60.15 | OK | |
r-devel-linux-x86_64-fedora-clang | 2.0.0 | 109.50 | OK | |||
r-devel-linux-x86_64-fedora-gcc | 2.0.0 | 111.28 | OK | |||
r-devel-windows-x86_64 | 2.0.0 | 150.00 | 77.00 | 227.00 | OK | |
r-patched-linux-x86_64 | 2.0.0 | 35.07 | 33.84 | 68.91 | OK | |
r-release-linux-x86_64 | 2.0.0 | 34.09 | 33.94 | 68.03 | OK | |
r-release-macos-arm64 | 2.0.0 | 30.00 | NOTE | |||
r-release-macos-x86_64 | 2.0.0 | 39.00 | NOTE | |||
r-release-windows-x86_64 | 2.0.0 | 136.00 | 81.00 | 217.00 | OK | |
r-oldrel-macos-arm64 | 2.0.0 | 37.00 | NOTE | |||
r-oldrel-macos-x86_64 | 2.0.0 | 38.00 | NOTE | |||
r-oldrel-windows-ix86+x86_64 | 2.0.0 | 89.00 | 78.00 | 167.00 | OK |
Version: 2.0.0
Check: installed package size
Result: NOTE
installed size is 5.4Mb
sub-directories of 1Mb or more:
libs 4.4Mb
Flavors: r-release-macos-arm64, r-release-macos-x86_64, r-oldrel-macos-arm64, r-oldrel-macos-x86_64