CRAN Package Check Results for Package jsonStrings

Last updated on 2022-12-10 01:51:19 CET.

Flavor Version Tinstall Tcheck Ttotal Status Flags
r-devel-linux-x86_64-debian-clang 2.1.1 35.39 34.98 70.37 OK
r-devel-linux-x86_64-debian-gcc 2.1.1 32.96 27.85 60.81 OK
r-devel-linux-x86_64-fedora-clang 2.1.1 110.21 OK
r-devel-linux-x86_64-fedora-gcc 2.1.1 109.97 OK
r-devel-windows-x86_64 2.1.1 43.00 82.00 125.00 OK
r-patched-linux-x86_64 2.1.1 35.56 34.59 70.15 OK
r-release-linux-x86_64 2.1.1 32.31 34.15 66.46 OK
r-release-macos-arm64 2.1.1 35.00 NOTE
r-release-macos-x86_64 2.1.1 48.00 NOTE
r-release-windows-x86_64 2.1.1 41.00 83.00 124.00 OK
r-oldrel-macos-arm64 2.1.1 37.00 NOTE
r-oldrel-macos-x86_64 2.1.1 44.00 NOTE
r-oldrel-windows-ix86+x86_64 2.1.1 95.00 89.00 184.00 OK

Check Details

Version: 2.1.1
Check: installed package size
Result: NOTE
     installed size is 5.6Mb
     sub-directories of 1Mb or more:
     libs 4.6Mb
Flavors: r-release-macos-arm64, r-release-macos-x86_64, r-oldrel-macos-arm64, r-oldrel-macos-x86_64