Last updated on 2023-04-01 11:51:30 CEST.
Flavor | Version | Tinstall | Tcheck | Ttotal | Status | Flags |
---|---|---|---|---|---|---|
r-devel-linux-x86_64-debian-clang | 2.1.1 | 38.85 | 34.32 | 73.17 | OK | |
r-devel-linux-x86_64-debian-gcc | 2.1.1 | 32.35 | 27.04 | 59.39 | OK | |
r-devel-linux-x86_64-fedora-clang | 2.1.1 | 100.83 | OK | |||
r-devel-linux-x86_64-fedora-gcc | 2.1.1 | 97.44 | OK | |||
r-devel-windows-x86_64 | 2.1.1 | 35.00 | 87.00 | 122.00 | OK | |
r-patched-linux-x86_64 | 2.1.1 | 34.96 | 33.17 | 68.13 | OK | |
r-release-linux-x86_64 | 2.1.1 | 33.13 | 34.27 | 67.40 | OK | |
r-release-macos-arm64 | 2.1.1 | 35.00 | NOTE | |||
r-release-macos-x86_64 | 2.1.1 | 48.00 | NOTE | |||
r-release-windows-x86_64 | 2.1.1 | 134.00 | 89.00 | 223.00 | OK | |
r-oldrel-macos-arm64 | 2.1.1 | 37.00 | NOTE | |||
r-oldrel-macos-x86_64 | 2.1.1 | 44.00 | NOTE | |||
r-oldrel-windows-ix86+x86_64 | 2.1.1 | 94.00 | 82.00 | 176.00 | OK |
Version: 2.1.1
Check: installed package size
Result: NOTE
installed size is 5.6Mb
sub-directories of 1Mb or more:
libs 4.6Mb
Flavors: r-release-macos-arm64, r-release-macos-x86_64, r-oldrel-macos-arm64, r-oldrel-macos-x86_64