CRAN Package Check Results for Package jsonlite

Last updated on 2020-04-08 11:48:11 CEST.

Flavor Version Tinstall Tcheck Ttotal Status Flags
r-devel-linux-x86_64-debian-clang 1.6.1 7.45 47.16 54.61 OK
r-devel-linux-x86_64-debian-gcc 1.6.1 5.63 37.09 42.72 OK
r-devel-linux-x86_64-fedora-clang 1.6.1 67.36 OK
r-devel-linux-x86_64-fedora-gcc 1.6.1 73.29 OK
r-devel-windows-ix86+x86_64 1.6.1 43.00 121.00 164.00 OK
r-devel-windows-ix86+x86_64-gcc8 1.6.1 38.00 71.00 109.00 OK
r-patched-linux-x86_64 1.6.1 5.70 46.28 51.98 OK
r-patched-solaris-x86 1.6.1 96.40 WARN
r-release-linux-x86_64 1.6.1 5.62 43.16 48.78 OK
r-release-windows-ix86+x86_64 1.6.1 39.00 112.00 151.00 OK
r-release-osx-x86_64 1.6.1 OK
r-oldrel-windows-ix86+x86_64 1.6.1 56.00 75.00 131.00 OK
r-oldrel-osx-x86_64 1.6.1 OK

Check Details

Version: 1.6.1
Check: for unstated dependencies in ‘tests’
Result: WARN
    Warning in deparse(e[[2L]]) :
     it is not known that wchar_t is Unicode on this platform
    Warning in deparse(e[[2L]]) :
     it is not known that wchar_t is Unicode on this platform
    Warning in deparse(e[[2L]]) :
     it is not known that wchar_t is Unicode on this platform
    Warning in deparse(e[[2L]]) :
     it is not known that wchar_t is Unicode on this platform
    Warning in deparse(e[[2L]]) :
     it is not known that wchar_t is Unicode on this platform
    Warning in deparse(e[[2L]]) :
     it is not known that wchar_t is Unicode on this platform
    Warning in deparse(e[[2L]]) :
     it is not known that wchar_t is Unicode on this platform
    Warning in deparse(e[[2L]]) :
     it is not known that wchar_t is Unicode on this platform
    Warning in deparse(e[[2L]]) :
     it is not known that wchar_t is Unicode on this platform
    Warning in deparse(e[[2L]]) :
     it is not known that wchar_t is Unicode on this platform
Flavor: r-patched-solaris-x86