CRAN Package Check Results for Package jsr223

Last updated on 2019-03-23 23:53:50 CET.

Flavor Version Tinstall Tcheck Ttotal Status Flags
r-devel-linux-x86_64-debian-clang 0.3.3 4.23 61.14 65.37 OK
r-devel-linux-x86_64-debian-gcc 0.3.3 3.57 48.49 52.06 OK
r-devel-linux-x86_64-fedora-clang 0.3.3 81.96 OK
r-devel-linux-x86_64-fedora-gcc 0.3.3 79.27 OK
r-devel-windows-ix86+x86_64 0.3.3 12.00 93.00 105.00 OK
r-patched-linux-x86_64 0.3.3 3.20 59.27 62.47 OK
r-release-linux-x86_64 0.3.3 0.37 2.17 2.54 ERROR
r-release-windows-ix86+x86_64 0.3.3 6.00 68.00 74.00 OK
r-release-osx-x86_64 0.3.3 OK
r-oldrel-windows-ix86+x86_64 0.3.3 5.00 91.00 96.00 OK
r-oldrel-osx-x86_64 0.3.3 OK

Check Details

Version: 0.3.3
Check: whether package can be installed
Result: ERROR
    Installation failed.
Flavor: r-release-linux-x86_64