Last updated on 2022-07-06 18:51:38 CEST.
Flavor | Version | Tinstall | Tcheck | Ttotal | Status | Flags |
---|---|---|---|---|---|---|
r-devel-linux-x86_64-debian-clang | 2.2.0 | 15.12 | 188.37 | 203.49 | NOTE | |
r-devel-linux-x86_64-debian-gcc | 2.2.0 | 11.54 | 137.42 | 148.96 | NOTE | |
r-devel-linux-x86_64-fedora-clang | 2.2.0 | 252.74 | NOTE | |||
r-devel-linux-x86_64-fedora-gcc | 2.2.0 | 290.32 | NOTE | |||
r-devel-windows-x86_64 | 2.2.0 | 135.00 | 224.00 | 359.00 | NOTE | |
r-patched-linux-x86_64 | 2.2.0 | 14.56 | 173.75 | 188.31 | OK | |
r-release-linux-x86_64 | 2.2.0 | 13.29 | 178.28 | 191.57 | OK | |
r-release-macos-arm64 | 2.2.0 | 85.00 | OK | |||
r-release-macos-x86_64 | 2.2.0 | 106.00 | OK | |||
r-release-windows-x86_64 | 2.2.0 | 20.00 | 227.00 | 247.00 | OK | |
r-oldrel-macos-arm64 | 2.2.0 | 79.00 | OK | |||
r-oldrel-macos-x86_64 | 2.2.0 | 112.00 | OK | |||
r-oldrel-windows-ix86+x86_64 | 2.2.0 | 29.00 | 219.00 | 248.00 | OK |
Version: 2.2.0
Check: Rd files
Result: NOTE
checkRd: (-1) summ.rq.Rd:104: Escaped LaTeX specials: \&
checkRd: (-1) summ.rq.Rd:108: Escaped LaTeX specials: \&
Flavors: r-devel-linux-x86_64-debian-clang, r-devel-linux-x86_64-debian-gcc, r-devel-linux-x86_64-fedora-clang, r-devel-linux-x86_64-fedora-gcc, r-devel-windows-x86_64