CRAN Package Check Results for Package jtools

Last updated on 2022-12-04 02:49:18 CET.

Flavor Version Tinstall Tcheck Ttotal Status Flags
r-devel-linux-x86_64-debian-clang 2.2.0 14.70 197.95 212.65 NOTE
r-devel-linux-x86_64-debian-gcc 2.2.1 11.24 139.24 150.48 OK
r-devel-linux-x86_64-fedora-clang 2.2.1 266.98 OK
r-devel-linux-x86_64-fedora-gcc 2.2.1 314.84 OK
r-devel-windows-x86_64 2.2.1 150.00 230.00 380.00 OK
r-patched-linux-x86_64 2.2.1 17.79 177.25 195.04 OK
r-release-linux-x86_64 2.2.0 14.63 186.12 200.75 OK
r-release-macos-arm64 2.2.1 76.00 OK
r-release-macos-x86_64 2.2.1 111.00 OK
r-release-windows-x86_64 2.2.0 168.00 244.00 412.00 OK
r-oldrel-macos-arm64 2.2.1 65.00 OK
r-oldrel-macos-x86_64 2.2.1 107.00 OK
r-oldrel-windows-ix86+x86_64 2.2.0 30.00 214.00 244.00 OK

Check Details

Version: 2.2.0
Check: Rd files
Result: NOTE
    checkRd: (-1) summ.rq.Rd:104: Escaped LaTeX specials: \&
    checkRd: (-1) summ.rq.Rd:108: Escaped LaTeX specials: \&
Flavor: r-devel-linux-x86_64-debian-clang