CRAN Package Check Results for Package juicr

Last updated on 2022-12-02 07:53:25 CET.

Flavor Version Tinstall Tcheck Ttotal Status Flags
r-devel-linux-x86_64-debian-clang 0.1 8.96 73.97 82.93 NOTE
r-devel-linux-x86_64-debian-gcc 0.1 6.31 56.99 63.30 NOTE
r-devel-linux-x86_64-fedora-clang 0.1 116.29 NOTE
r-devel-linux-x86_64-fedora-gcc 0.1 119.44 NOTE
r-devel-windows-x86_64 0.1 35.00 98.00 133.00 NOTE
r-patched-linux-x86_64 0.1 11.17 80.95 92.12 OK
r-release-linux-x86_64 0.1 10.70 82.54 93.24 OK
r-release-macos-arm64 0.1 59.00 OK
r-release-macos-x86_64 0.1 85.00 OK
r-release-windows-x86_64 0.1 22.00 100.00 122.00 OK
r-oldrel-macos-arm64 0.1 51.00 NOTE
r-oldrel-macos-x86_64 0.1 79.00 OK
r-oldrel-windows-ix86+x86_64 0.1 21.00 86.00 107.00 OK

Check Details

Version: 0.1
Check: package subdirectories
Result: NOTE
    Problems with news in 'NEWS.md':
     Cannot extract version info from the following section titles:
     pre-release juicr (2017 - 2021)
Flavors: r-devel-linux-x86_64-debian-clang, r-devel-linux-x86_64-debian-gcc, r-devel-linux-x86_64-fedora-clang, r-devel-linux-x86_64-fedora-gcc, r-devel-windows-x86_64

Version: 0.1
Check: package dependencies
Result: NOTE
    Package suggested but not available for checking: ‘EBImage’
Flavor: r-oldrel-macos-arm64