CRAN Package Check Results for Package junctions

Last updated on 2021-06-17 18:49:41 CEST.

Flavor Version Tinstall Tcheck Ttotal Status Flags
r-devel-linux-x86_64-debian-clang 2.0.1 73.57 136.56 210.13 OK
r-devel-linux-x86_64-debian-gcc 2.0.1 44.23 126.00 170.23 OK
r-devel-linux-x86_64-fedora-clang 2.0.1 256.57 OK
r-devel-linux-x86_64-fedora-gcc 2.0.1 273.13 OK
r-devel-windows-x86_64 2.0.1 87.00 186.00 273.00 OK
r-devel-windows-x86_64-gcc10-UCRT 2.0.1 OK
r-patched-linux-x86_64 2.0.1 49.58 153.06 202.64 OK
r-patched-solaris-x86 2.0.1 267.60 OK
r-release-linux-x86_64 2.0.1 51.83 155.28 207.11 OK
r-release-macos-arm64 2.0.1 NOTE
r-release-macos-x86_64 2.0.1 OK
r-release-windows-ix86+x86_64 2.0.1 168.00 243.00 411.00 OK
r-oldrel-macos-x86_64 2.0.1 OK
r-oldrel-windows-ix86+x86_64 2.0.1 123.00 250.00 373.00 OK

Check Details

Version: 2.0.1
Check: installed package size
Result: NOTE
     installed size is 5.3Mb
     sub-directories of 1Mb or more:
     doc 2.0Mb
     libs 3.1Mb
Flavor: r-release-macos-arm64