Last updated on 2023-10-03 17:05:57 CEST.
Flavor | Version | Tinstall | Tcheck | Ttotal | Status | Flags |
---|---|---|---|---|---|---|
r-devel-linux-x86_64-debian-clang | 0.0.5 | 9.33 | 79.04 | 88.37 | OK | |
r-devel-linux-x86_64-debian-gcc | 0.0.5 | 7.06 | 58.69 | 65.75 | OK | |
r-devel-linux-x86_64-fedora-clang | 0.0.5 | 105.81 | OK | |||
r-devel-linux-x86_64-fedora-gcc | 0.0.5 | 101.40 | OK | |||
r-devel-windows-x86_64 | 0.0.5 | 12.00 | 175.00 | 187.00 | ERROR | |
r-patched-linux-x86_64 | 0.0.5 | 5.53 | 74.28 | 79.81 | OK | |
r-release-linux-x86_64 | 0.0.5 | 6.16 | 73.98 | 80.14 | OK | |
r-release-macos-arm64 | 0.0.5 | 35.00 | OK | |||
r-release-macos-x86_64 | 0.0.5 | 50.00 | OK | |||
r-release-windows-x86_64 | 0.0.5 | 14.00 | 114.00 | 128.00 | OK | |
r-oldrel-macos-arm64 | 0.0.5 | 38.00 | OK | |||
r-oldrel-macos-x86_64 | 0.0.5 | 55.00 | OK | |||
r-oldrel-windows-x86_64 | 0.0.5 | 14.00 | 174.00 | 188.00 | OK |
Version: 0.0.5
Check: examples
Result: ERROR
Running examples in 'k5-Ex.R' failed
The error most likely occurred in:
> ### Name: aws_info
> ### Title: List all objects in an AWS bucket
> ### Aliases: aws_info aws_ls aws_bucket
>
> ### ** Examples
>
> aws_info("1000genomes", max = 10)
Error in curl::curl_fetch_memory(url, handle = handle) :
Timeout was reached: [s3.amazonaws.com] Resolving timed out after 10013 milliseconds
Calls: aws_info ... request_fetch -> request_fetch.write_memory -> <Anonymous>
Execution halted
Flavor: r-devel-windows-x86_64