CRAN Package Check Results for Package kableExtra

Last updated on 2022-01-22 15:03:36 CET.

Flavor Version Tinstall Tcheck Ttotal Status Flags
r-devel-linux-x86_64-debian-clang 1.3.4 7.52 92.24 99.76 NOTE
r-devel-linux-x86_64-debian-gcc 1.3.4 7.01 72.15 79.16 NOTE
r-devel-linux-x86_64-fedora-clang 1.3.4 122.94 NOTE
r-devel-linux-x86_64-fedora-gcc 1.3.4 112.17 NOTE
r-devel-windows-x86_64-new-UL 1.3.4 175.00 180.00 355.00 NOTE
r-devel-windows-x86_64-new-TK 1.3.4 WARN
r-patched-linux-x86_64 1.3.4 9.61 94.08 103.69 NOTE
r-release-linux-x86_64 1.3.4 7.58 95.17 102.75 NOTE
r-release-macos-arm64 1.3.4 NOTE
r-release-macos-x86_64 1.3.4 WARN
r-release-windows-ix86+x86_64 1.3.4 17.00 124.00 141.00 NOTE
r-oldrel-macos-x86_64 1.3.4 WARN
r-oldrel-windows-ix86+x86_64 1.3.4 18.00 127.00 145.00 OK

Check Details

Version: 1.3.4
Check: LazyData
Result: NOTE
     'LazyData' is specified without a 'data' directory
Flavors: r-devel-linux-x86_64-debian-clang, r-devel-linux-x86_64-debian-gcc, r-devel-linux-x86_64-fedora-clang, r-devel-linux-x86_64-fedora-gcc, r-devel-windows-x86_64-new-UL, r-devel-windows-x86_64-new-TK, r-patched-linux-x86_64, r-release-linux-x86_64, r-release-macos-arm64, r-release-macos-x86_64, r-release-windows-ix86+x86_64

Version: 1.3.4
Check: re-building of vignette outputs
Result: WARN
    Error(s) in re-building vignettes:
    --- re-building 'awesome_table_in_html.Rmd' using rmarkdown
    --- finished re-building 'awesome_table_in_html.Rmd'
    
    --- re-building 'awesome_table_in_pdf.Rmd' using rmarkdown
    ! LaTeX Error: File `tabu.sty' not found.
    
    ! Emergency stop.
    <read *>
    
    Error: processing vignette 'awesome_table_in_pdf.Rmd' failed with diagnostics:
    LaTeX failed to compile C:/r_packages/pkgcheck/CRAN/kableExtra/kableExtra.Rcheck/vign_test/kableExtra/vignettes/awesome_table_in_pdf.tex. See https://yihui.org/tinytex/r/#debugging for debugging tips. See awesome_table_in_pdf.log for more info.
    --- failed re-building 'awesome_table_in_pdf.Rmd'
    
    --- re-building 'best_practice_for_newline_in_latex_table.Rmd' using rmarkdown
    ! LaTeX Error: File `tabu.sty' not found.
    
    ! Emergency stop.
    <read *>
    
    Error: processing vignette 'best_practice_for_newline_in_latex_table.Rmd' failed with diagnostics:
    LaTeX failed to compile C:/r_packages/pkgcheck/CRAN/kableExtra/kableExtra.Rcheck/vign_test/kableExtra/vignettes/best_practice_for_newline_in_latex_table.tex. See https://yihui.org/tinytex/r/#debugging for debugging tips. See best_practice_for_newline_in_latex_table.log for more info.
    --- failed re-building 'best_practice_for_newline_in_latex_table.Rmd'
    
    --- re-building 'legacy_features.Rmd' using rmarkdown
    --- finished re-building 'legacy_features.Rmd'
    
    --- re-building 'use_kable_in_shiny.Rmd' using rmarkdown
    --- finished re-building 'use_kable_in_shiny.Rmd'
    
    SUMMARY: processing the following files failed:
     'awesome_table_in_pdf.Rmd'
     'best_practice_for_newline_in_latex_table.Rmd'
    
    Error: Vignette re-building failed.
    Execution halted
Flavor: r-devel-windows-x86_64-new-TK

Version: 1.3.4
Check: re-building of vignette outputs
Result: WARN
    Error(s) in re-building vignettes:
    --- re-building ‘awesome_table_in_html.Rmd’ using rmarkdown
    Warning in engine$weave(file, quiet = quiet, encoding = enc) :
     Pandoc (>= 1.12.3) not available. Falling back to R Markdown v1.
    Quitting from lines 635-638 (awesome_table_in_html.Rmd)
    Error: processing vignette 'awesome_table_in_html.Rmd' failed with diagnostics:
    invalid 'path' argument
    --- failed re-building ‘awesome_table_in_html.Rmd’
    
    --- re-building ‘awesome_table_in_pdf.Rmd’ using rmarkdown
    Warning in engine$weave(file, quiet = quiet, encoding = enc) :
     Pandoc (>= 1.12.3) not available. Falling back to R Markdown v1.
    --- finished re-building ‘awesome_table_in_pdf.Rmd’
    
    --- re-building ‘best_practice_for_newline_in_latex_table.Rmd’ using rmarkdown
    Warning in engine$weave(file, quiet = quiet, encoding = enc) :
     Pandoc (>= 1.12.3) not available. Falling back to R Markdown v1.
    --- finished re-building ‘best_practice_for_newline_in_latex_table.Rmd’
    
    --- re-building ‘legacy_features.Rmd’ using rmarkdown
    Warning in engine$weave(file, quiet = quiet, encoding = enc) :
     Pandoc (>= 1.12.3) not available. Falling back to R Markdown v1.
    --- finished re-building ‘legacy_features.Rmd’
    
    --- re-building ‘use_kable_in_shiny.Rmd’ using rmarkdown
    Warning in engine$weave(file, quiet = quiet, encoding = enc) :
     Pandoc (>= 1.12.3) not available. Falling back to R Markdown v1.
    --- finished re-building ‘use_kable_in_shiny.Rmd’
    
    SUMMARY: processing the following file failed:
     ‘awesome_table_in_html.Rmd’
    
    Error: Vignette re-building failed.
    Execution halted
Flavor: r-release-macos-x86_64

Version: 1.3.4
Check: re-building of vignette outputs
Result: WARN
    Error(s) in re-building vignettes:
    --- re-building ‘awesome_table_in_html.Rmd’ using rmarkdown
    Warning in engine$weave(file, quiet = quiet, encoding = enc) :
     Pandoc (>= 1.12.3) and/or pandoc-citeproc not available. Falling back to R Markdown v1.
    Quitting from lines 635-638 (awesome_table_in_html.Rmd)
    Error: processing vignette 'awesome_table_in_html.Rmd' failed with diagnostics:
    invalid 'path' argument
    --- failed re-building ‘awesome_table_in_html.Rmd’
    
    --- re-building ‘awesome_table_in_pdf.Rmd’ using rmarkdown
    Warning in engine$weave(file, quiet = quiet, encoding = enc) :
     Pandoc (>= 1.12.3) and/or pandoc-citeproc not available. Falling back to R Markdown v1.
    --- finished re-building ‘awesome_table_in_pdf.Rmd’
    
    --- re-building ‘best_practice_for_newline_in_latex_table.Rmd’ using rmarkdown
    Warning in engine$weave(file, quiet = quiet, encoding = enc) :
     Pandoc (>= 1.12.3) and/or pandoc-citeproc not available. Falling back to R Markdown v1.
    --- finished re-building ‘best_practice_for_newline_in_latex_table.Rmd’
    
    --- re-building ‘legacy_features.Rmd’ using rmarkdown
    Warning in engine$weave(file, quiet = quiet, encoding = enc) :
     Pandoc (>= 1.12.3) and/or pandoc-citeproc not available. Falling back to R Markdown v1.
    --- finished re-building ‘legacy_features.Rmd’
    
    --- re-building ‘use_kable_in_shiny.Rmd’ using rmarkdown
    Warning in engine$weave(file, quiet = quiet, encoding = enc) :
     Pandoc (>= 1.12.3) and/or pandoc-citeproc not available. Falling back to R Markdown v1.
    --- finished re-building ‘use_kable_in_shiny.Rmd’
    
    SUMMARY: processing the following file failed:
     ‘awesome_table_in_html.Rmd’
    
    Error: Vignette re-building failed.
    Execution halted
Flavor: r-oldrel-macos-x86_64