Last updated on 2023-10-03 15:04:35 CEST.
Flavor | Version | Tinstall | Tcheck | Ttotal | Status | Flags |
---|---|---|---|---|---|---|
r-devel-linux-x86_64-debian-clang | 0.9.1 | 8.55 | 79.75 | 88.30 | OK | |
r-devel-linux-x86_64-debian-gcc | 0.9.1 | 6.72 | 59.93 | 66.65 | OK | |
r-devel-linux-x86_64-fedora-clang | 0.9.1 | 106.80 | NOTE | |||
r-devel-linux-x86_64-fedora-gcc | 0.9.1 | 119.28 | NOTE | |||
r-devel-windows-x86_64 | 0.9.1 | 10.00 | 141.00 | 151.00 | OK | |
r-patched-linux-x86_64 | 0.9.1 | 11.27 | 76.01 | 87.28 | OK | |
r-release-linux-x86_64 | 0.9.1 | 6.55 | 78.49 | 85.04 | OK | |
r-release-macos-arm64 | 0.9.1 | 50.00 | OK | |||
r-release-macos-x86_64 | 0.9.1 | 84.00 | OK | |||
r-release-windows-x86_64 | 0.9.1 | 13.00 | 98.00 | 111.00 | OK | |
r-oldrel-macos-arm64 | 0.9.1 | 41.00 | OK | |||
r-oldrel-macos-x86_64 | 0.9.1 | 47.00 | OK | |||
r-oldrel-windows-x86_64 | 0.9.1 | 13.00 | 126.00 | 139.00 | OK |
Version: 0.9.1
Check: data for non-ASCII characters
Result: NOTE
Note: found 111752 marked UTF-8 strings
Flavors: r-devel-linux-x86_64-fedora-clang, r-devel-linux-x86_64-fedora-gcc