CRAN Package Check Results for Package kappalab

Last updated on 2021-07-25 10:49:29 CEST.

Flavor Version Tinstall Tcheck Ttotal Status Flags
r-devel-linux-x86_64-debian-clang 0.4-7 14.71 104.93 119.64 NOTE
r-devel-linux-x86_64-debian-gcc 0.4-7 11.80 81.29 93.09 NOTE
r-devel-linux-x86_64-fedora-clang 0.4-7 153.60 NOTE
r-devel-linux-x86_64-fedora-gcc 0.4-7 140.58 NOTE
r-devel-windows-x86_64 0.4-7 21.00 150.00 171.00 OK
r-devel-windows-x86_64-gcc10-UCRT 0.4-7 OK
r-patched-linux-x86_64 0.4-7 15.32 100.92 116.24 NOTE
r-patched-solaris-x86 0.4-7 211.00 NOTE
r-release-linux-x86_64 0.4-7 12.84 101.20 114.04 NOTE
r-release-macos-arm64 0.4-7 ERROR
r-release-macos-x86_64 0.4-7 OK
r-release-windows-ix86+x86_64 0.4-7 30.00 154.00 184.00 OK
r-oldrel-macos-x86_64 0.4-7 OK
r-oldrel-windows-ix86+x86_64 0.4-7 28.00 162.00 190.00 OK

Check Details

Version: 0.4-7
Check: for non-standard things in the check directory
Result: NOTE
    Found the following files/directories:
     'my.Mobius.set.func.csv' 'my.card.set.func.csv' 'my.set.func.csv'
Flavors: r-devel-linux-x86_64-debian-clang, r-devel-linux-x86_64-debian-gcc, r-devel-linux-x86_64-fedora-clang, r-devel-linux-x86_64-fedora-gcc, r-patched-linux-x86_64, r-patched-solaris-x86, r-release-linux-x86_64

Version: 0.4-7
Check: compiled code
Result: NOTE
    File ‘kappalab/libs/kappalab.so’:
     Found no calls to: ‘R_registerRoutines’, ‘R_useDynamicSymbols’
    
    It is good practice to register native routines and to disable symbol
    search.
    
    See ‘Writing portable packages’ in the ‘Writing R Extensions’ manual.
Flavors: r-devel-linux-x86_64-fedora-clang, r-devel-linux-x86_64-fedora-gcc

Version: 0.4-7
Check: tests
Result: ERROR
     Running ‘Choquet.integral-methods.R’ [0s/0s]
     Running ‘Mobius-methods.R’ [0s/1s]
     Running ‘Mobius.capacity-class.R’ [0s/0s]
     Running ‘Mobius.card.set.func-class.R’ [1s/1s]
     Running ‘Mobius.game-class.R’ [0s/1s]
     Running ‘Mobius.set.func-class.R’ [0s/1s]
     Running ‘Shapley.value-methods.R’ [0s/1s]
     Running ‘capacity-class.R’ [0s/1s]
     Running ‘card.capacity-class.R’ [0s/1s]
     Running ‘card.game-class.R’ [0s/1s]
     Running ‘card.set.func-class.R’ [0s/1s]
     Running ‘conjugate-methods.R’ [0s/1s]
     Running ‘entropy-methods.R’ [0s/1s]
     Running ‘entropy.capa.ident.R’ [0s/1s]
     Running ‘heuristic.ls.capa.ident.R’ [1s/1s]
     Running ‘interaction.indices-methods.R’ [0s/1s]
     Running ‘is.cardinal-methods.R’ [0s/1s]
     Running ‘is.kadditive-methods.R’ [0s/1s]
     Running ‘is.monotone-methods.R’ [0s/1s]
     Running ‘k.truncate.Mobius-methods.R’ [0s/1s]
     Running ‘least.squares.capa.ident.R’ [1s/1s]
     Running ‘lin.prog.capa.ident.R’ [0s/1s]
     Running ‘ls.sorting.treatment.R’ [0s/1s]
    Running the tests in ‘tests/ls.sorting.treatment.R’ failed.
    Last 13 lines of output:
     > # Aiap <- c(1,1,2,2)
     > Aiap <- NULL
     >
     > print("*** Starting the calculations")
     [1] "*** Starting the calculations"
     > ## search for a capacity which satisfies the constraints
     > lsc <- ls.sorting.capa.ident(n ,k, P, cl.proto, d,
     + A.Shapley.preorder = Asp,
     + A.Shapley.interval = Asi,
     + A.interaction.preorder = Aip,
     + A.interaction.interval = Aii,
     + A.inter.additive.partition = Aiap)
     Error in ls.sorting.capa.ident(n, k, P, cl.proto, d, A.Shapley.preorder = Asp, :
     not enough classes
     Execution halted
Flavor: r-release-macos-arm64