CRAN Package Check Results for Package karel

Last updated on 2021-10-26 23:51:07 CEST.

Flavor Version Tinstall Tcheck Ttotal Status Flags
r-devel-linux-x86_64-debian-clang 0.1.0 6.02 88.23 94.25 OK
r-devel-linux-x86_64-debian-gcc 0.1.0 5.07 65.53 70.60 OK
r-devel-linux-x86_64-fedora-clang 0.1.0 121.36 NOTE
r-devel-linux-x86_64-fedora-gcc 0.1.0 108.18 NOTE
r-devel-windows-x86_64 0.1.0 10.00 115.00 125.00 OK
r-devel-windows-x86_64-gcc10-UCRT 0.1.0 NOTE
r-patched-linux-x86_64 0.1.0 6.64 85.65 92.29 OK
r-release-linux-x86_64 0.1.0 5.66 85.99 91.65 OK
r-release-macos-arm64 0.1.0 NOTE
r-release-macos-x86_64 0.1.0 NOTE
r-release-windows-ix86+x86_64 0.1.0 11.00 114.00 125.00 OK
r-oldrel-macos-x86_64 0.1.0 NOTE
r-oldrel-windows-ix86+x86_64 0.1.0 16.00 123.00 139.00 OK

Check Details

Version: 0.1.0
Check: dependencies in R code
Result: NOTE
    Namespace in Imports field not imported from: ‘gifski’
     All declared Imports should be used.
Flavors: r-devel-linux-x86_64-fedora-clang, r-devel-linux-x86_64-fedora-gcc, r-devel-windows-x86_64-gcc10-UCRT, r-release-macos-arm64, r-release-macos-x86_64, r-oldrel-macos-x86_64