Last updated on 2023-12-06 05:52:57 CET.
Flavor | Version | Tinstall | Tcheck | Ttotal | Status | Flags |
---|---|---|---|---|---|---|
r-devel-linux-x86_64-debian-clang | 1.0.5 | 50.75 | 32.77 | 83.52 | NOTE | |
r-devel-linux-x86_64-debian-gcc | 1.0.5 | 33.65 | 26.83 | 60.48 | NOTE | |
r-devel-linux-x86_64-fedora-clang | 1.0.5 | 110.07 | NOTE | |||
r-devel-linux-x86_64-fedora-gcc | 1.0.5 | 117.05 | NOTE | |||
r-devel-windows-x86_64 | 1.0.5 | 36.00 | 68.00 | 104.00 | NOTE | |
r-patched-linux-x86_64 | 1.0.5 | 39.10 | 33.42 | 72.52 | NOTE | |
r-release-linux-x86_64 | 1.0.5 | 44.56 | 33.13 | 77.69 | NOTE | |
r-release-macos-arm64 | 1.0.5 | 39.00 | NOTE | |||
r-release-macos-x86_64 | 1.0.5 | 57.00 | NOTE | |||
r-release-windows-x86_64 | 1.0.5 | 46.00 | 78.00 | 124.00 | NOTE | |
r-oldrel-macos-arm64 | 1.0.5 | 36.00 | NOTE | |||
r-oldrel-macos-x86_64 | 1.0.5 | 47.00 | NOTE | |||
r-oldrel-windows-x86_64 | 1.0.5 | 43.00 | 76.00 | 119.00 | OK |
Version: 1.0.5
Check: C++ specification
Result: NOTE
Specified C++11: please drop specification unless essential
Flavors: r-devel-linux-x86_64-debian-clang, r-devel-linux-x86_64-debian-gcc, r-devel-linux-x86_64-fedora-clang, r-devel-linux-x86_64-fedora-gcc, r-devel-windows-x86_64, r-patched-linux-x86_64, r-release-linux-x86_64, r-release-macos-arm64, r-release-macos-x86_64, r-release-windows-x86_64
Version: 1.0.5
Check: installed package size
Result: NOTE
installed size is 16.0Mb
sub-directories of 1Mb or more:
libs 15.8Mb
Flavors: r-release-macos-arm64, r-release-macos-x86_64, r-oldrel-macos-arm64, r-oldrel-macos-x86_64