CRAN Package Check Results for Package kdtools

Last updated on 2019-07-19 03:46:52 CEST.

Flavor Version Tinstall Tcheck Ttotal Status Flags
r-devel-linux-x86_64-debian-clang 0.4.1 202.76 115.52 318.28 OK
r-devel-linux-x86_64-debian-gcc 0.4.1 68.03 83.79 151.82 OK
r-devel-linux-x86_64-fedora-clang 0.4.1 271.59 NOTE
r-devel-linux-x86_64-fedora-gcc 0.4.1 276.81 OK
r-devel-windows-ix86+x86_64 0.4.1 206.00 208.00 414.00 NOTE
r-patched-linux-x86_64 0.4.1 78.58 108.05 186.63 OK
r-patched-solaris-x86 0.4.1 383.50 OK
r-release-linux-x86_64 0.4.1 72.77 107.41 180.18 OK
r-release-windows-ix86+x86_64 0.4.1 159.00 143.00 302.00 NOTE
r-release-osx-x86_64 0.4.1 NOTE
r-oldrel-windows-ix86+x86_64 0.4.1 168.00 186.00 354.00 NOTE
r-oldrel-osx-x86_64 0.4.1 NOTE

Check Details

Version: 0.4.1
Check: installed package size
Result: NOTE
     installed size is 16.0Mb
     sub-directories of 1Mb or more:
     doc 1.3Mb
     libs 14.2Mb
Flavors: r-devel-linux-x86_64-fedora-clang, r-devel-windows-ix86+x86_64, r-release-windows-ix86+x86_64, r-release-osx-x86_64, r-oldrel-windows-ix86+x86_64, r-oldrel-osx-x86_64