CRAN Package Check Results for Package kdtools

Last updated on 2019-10-16 19:46:24 CEST.

Flavor Version Tinstall Tcheck Ttotal Status Flags
r-devel-linux-x86_64-debian-clang 0.4.1 208.86 126.90 335.76 OK
r-devel-linux-x86_64-debian-gcc 0.4.1 76.52 85.38 161.90 OK
r-devel-linux-x86_64-fedora-clang 0.4.1 278.19 NOTE
r-devel-linux-x86_64-fedora-gcc 0.4.1 278.62 OK
r-devel-windows-ix86+x86_64 0.4.1 209.00 151.00 360.00 NOTE
r-patched-linux-x86_64 0.4.1 76.13 103.77 179.90 OK
r-patched-solaris-x86 0.4.1 352.80 OK
r-release-linux-x86_64 0.4.1 73.27 104.92 178.19 OK
r-release-windows-ix86+x86_64 0.4.1 161.00 196.00 357.00 NOTE
r-release-osx-x86_64 0.4.1 NOTE
r-oldrel-windows-ix86+x86_64 0.4.1 150.00 149.00 299.00 NOTE
r-oldrel-osx-x86_64 0.4.1 NOTE

Check Details

Version: 0.4.1
Check: installed package size
Result: NOTE
     installed size is 16.5Mb
     sub-directories of 1Mb or more:
     doc 1.3Mb
     libs 14.8Mb
Flavors: r-devel-linux-x86_64-fedora-clang, r-devel-windows-ix86+x86_64, r-release-windows-ix86+x86_64, r-release-osx-x86_64, r-oldrel-windows-ix86+x86_64, r-oldrel-osx-x86_64