CRAN Package Check Results for Package kdtools

Last updated on 2019-05-25 13:46:58 CEST.

Flavor Version Tinstall Tcheck Ttotal Status Flags
r-devel-linux-x86_64-debian-clang 0.4.1 200.49 117.62 318.11 OK
r-devel-linux-x86_64-debian-gcc 0.4.1 66.28 83.50 149.78 OK
r-devel-linux-x86_64-fedora-clang 0.4.1 284.51 NOTE
r-devel-linux-x86_64-fedora-gcc 0.4.1 242.44 OK
r-devel-windows-ix86+x86_64 0.4.1 154.00 208.00 362.00 NOTE
r-patched-linux-x86_64 0.4.1 OK
r-patched-solaris-x86 0.4.1 362.60 OK
r-release-linux-x86_64 0.4.1 76.85 111.18 188.03 OK
r-release-windows-ix86+x86_64 0.4.1 207.00 206.00 413.00 NOTE
r-release-osx-x86_64 0.4.1 NOTE
r-oldrel-windows-ix86+x86_64 0.4.1 204.00 159.00 363.00 NOTE
r-oldrel-osx-x86_64 0.4.1 NOTE

Check Details

Version: 0.4.1
Check: installed package size
Result: NOTE
     installed size is 16.0Mb
     sub-directories of 1Mb or more:
     doc 1.3Mb
     libs 14.2Mb
Flavors: r-devel-linux-x86_64-fedora-clang, r-devel-windows-ix86+x86_64, r-release-windows-ix86+x86_64, r-release-osx-x86_64, r-oldrel-windows-ix86+x86_64, r-oldrel-osx-x86_64