CRAN Package Check Results for Package kdtools

Last updated on 2019-03-21 06:48:25 CET.

Flavor Version Tinstall Tcheck Ttotal Status Flags
r-devel-linux-x86_64-debian-clang 0.3.1 70.96 102.03 172.99 OK
r-devel-linux-x86_64-debian-gcc 0.3.1 51.98 73.87 125.85 OK
r-devel-linux-x86_64-fedora-clang 0.3.1 226.23 NOTE
r-devel-linux-x86_64-fedora-gcc 0.3.1 202.61 OK
r-devel-windows-ix86+x86_64 0.3.1 122.00 172.00 294.00 OK
r-patched-linux-x86_64 0.3.1 56.85 95.14 151.99 OK
r-patched-solaris-x86 0.3.1 305.90 OK
r-release-linux-x86_64 0.3.1 58.12 95.27 153.39 OK
r-release-windows-ix86+x86_64 0.3.1 157.00 134.00 291.00 OK
r-release-osx-x86_64 0.3.1 NOTE
r-oldrel-windows-ix86+x86_64 0.3.1 139.00 193.00 332.00 OK
r-oldrel-osx-x86_64 0.3.1 NOTE

Check Details

Version: 0.3.1
Check: installed package size
Result: NOTE
     installed size is 11.2Mb
     sub-directories of 1Mb or more:
     doc 1.3Mb
     libs 9.6Mb
Flavors: r-devel-linux-x86_64-fedora-clang, r-release-osx-x86_64, r-oldrel-osx-x86_64