Last updated on 2023-06-09 11:57:26 CEST.
Flavor | Version | Tinstall | Tcheck | Ttotal | Status | Flags |
---|---|---|---|---|---|---|
r-devel-linux-x86_64-debian-clang | 0.9.4 | 5.92 | 182.33 | 188.25 | NOTE | |
r-devel-linux-x86_64-debian-gcc | 0.9.4 | 5.09 | 128.19 | 133.28 | NOTE | |
r-devel-linux-x86_64-fedora-clang | 0.9.4 | 223.91 | NOTE | |||
r-devel-linux-x86_64-fedora-gcc | 0.9.4 | 240.74 | NOTE | |||
r-devel-windows-x86_64 | 0.9.4 | 6.00 | 129.00 | 135.00 | NOTE | |
r-patched-linux-x86_64 | 0.9.4 | 7.14 | 170.26 | 177.40 | NOTE | |
r-release-linux-x86_64 | 0.9.4 | 4.21 | 171.39 | 175.60 | NOTE | |
r-release-macos-arm64 | 0.9.4 | 66.00 | NOTE | |||
r-release-macos-x86_64 | 0.9.4 | 109.00 | NOTE | |||
r-release-windows-x86_64 | 0.9.4 | 9.00 | 168.00 | 177.00 | NOTE | |
r-oldrel-macos-arm64 | 0.9.4 | 52.00 | NOTE | |||
r-oldrel-macos-x86_64 | 0.9.4 | 97.00 | NOTE | |||
r-oldrel-windows-x86_64 | 0.9.4 | 9.00 | 168.00 | 177.00 | NOTE |
Version: 0.9.4
Check: LazyData
Result: NOTE
'LazyData' is specified without a 'data' directory
Flavors: r-devel-linux-x86_64-debian-clang, r-devel-linux-x86_64-debian-gcc, r-devel-linux-x86_64-fedora-clang, r-devel-linux-x86_64-fedora-gcc, r-devel-windows-x86_64, r-patched-linux-x86_64, r-release-linux-x86_64, r-release-macos-arm64, r-release-macos-x86_64, r-release-windows-x86_64, r-oldrel-macos-arm64, r-oldrel-macos-x86_64, r-oldrel-windows-x86_64