CRAN Package Check Results for Package keras

Last updated on 2022-11-27 11:55:51 CET.

Flavor Version Tinstall Tcheck Ttotal Status Flags
r-devel-linux-x86_64-debian-clang 2.9.0 23.43 242.45 265.88 OK
r-devel-linux-x86_64-debian-gcc 2.9.0 17.71 182.77 200.48 OK
r-devel-linux-x86_64-fedora-clang 2.9.0 338.00 OK
r-devel-linux-x86_64-fedora-gcc 2.9.0 355.72 OK
r-devel-windows-x86_64 2.9.0 256.00 353.00 609.00 OK
r-patched-linux-x86_64 2.9.0 42.20 197.82 240.02 OK
r-release-linux-x86_64 2.9.0 22.96 169.66 192.62 OK
r-release-macos-arm64 2.9.0 95.00 OK
r-release-macos-x86_64 2.9.0 105.00 OK
r-release-windows-x86_64 2.9.0 292.00 264.00 556.00 OK
r-oldrel-macos-arm64 2.9.0 100.00 NOTE
r-oldrel-macos-x86_64 2.9.0 117.00 OK
r-oldrel-windows-ix86+x86_64 2.9.0 49.00 235.00 284.00 OK

Check Details

Version: 2.9.0
Check: installed package size
Result: NOTE
     installed size is 5.2Mb
     sub-directories of 1Mb or more:
     doc 2.0Mb
     help 2.3Mb
Flavor: r-oldrel-macos-arm64