CRAN Package Check Results for Package kernDeepStackNet

Last updated on 2019-07-17 18:48:03 CEST.

Flavor Version Tinstall Tcheck Ttotal Status Flags
r-devel-linux-x86_64-debian-clang 2.0.2 46.47 157.32 203.79 OK
r-devel-linux-x86_64-debian-gcc 2.0.2 36.40 119.57 155.97 OK
r-devel-linux-x86_64-fedora-clang 2.0.2 249.13 NOTE
r-devel-linux-x86_64-fedora-gcc 2.0.2 243.18 OK
r-devel-windows-ix86+x86_64 2.0.2 123.00 258.00 381.00 OK
r-patched-linux-x86_64 2.0.2 44.91 153.18 198.09 OK
r-patched-solaris-x86 2.0.2 351.20 OK
r-release-linux-x86_64 2.0.2 43.63 152.77 196.40 OK
r-release-windows-ix86+x86_64 2.0.2 92.00 432.00 524.00 OK
r-release-osx-x86_64 2.0.2 NOTE
r-oldrel-windows-ix86+x86_64 2.0.2 87.00 338.00 425.00 OK
r-oldrel-osx-x86_64 2.0.2 NOTE

Check Details

Version: 2.0.2
Check: installed package size
Result: NOTE
     installed size is 5.2Mb
     sub-directories of 1Mb or more:
     libs 4.9Mb
Flavors: r-devel-linux-x86_64-fedora-clang, r-release-osx-x86_64, r-oldrel-osx-x86_64