CRAN Package Check Results for Package kernDeepStackNet

Last updated on 2019-10-18 18:47:54 CEST.

Flavor Version Tinstall Tcheck Ttotal Status Flags
r-devel-linux-x86_64-debian-clang 2.0.2 49.57 154.50 204.07 OK
r-devel-linux-x86_64-debian-gcc 2.0.2 37.02 116.47 153.49 OK
r-devel-linux-x86_64-fedora-clang 2.0.2 254.62 NOTE
r-devel-linux-x86_64-fedora-gcc 2.0.2 243.14 OK
r-devel-windows-ix86+x86_64 2.0.2 133.00 252.00 385.00 OK
r-patched-linux-x86_64 2.0.2 41.36 148.58 189.94 OK
r-patched-solaris-x86 2.0.2 320.50 OK
r-release-linux-x86_64 2.0.2 37.99 148.45 186.44 OK
r-release-windows-ix86+x86_64 2.0.2 81.00 354.00 435.00 OK
r-release-osx-x86_64 2.0.2 NOTE
r-oldrel-windows-ix86+x86_64 2.0.2 84.00 241.00 325.00 OK
r-oldrel-osx-x86_64 2.0.2 NOTE

Check Details

Version: 2.0.2
Check: installed package size
Result: NOTE
     installed size is 5.3Mb
     sub-directories of 1Mb or more:
     libs 4.9Mb
Flavors: r-devel-linux-x86_64-fedora-clang, r-release-osx-x86_64, r-oldrel-osx-x86_64