CRAN Package Check Results for Package kernhaz

Last updated on 2024-02-26 05:57:41 CET.

Flavor Version Tinstall Tcheck Ttotal Status Flags
r-devel-linux-x86_64-debian-clang 0.1.0 6.18 62.33 68.51 NOTE
r-devel-linux-x86_64-debian-gcc 0.1.0 5.34 48.44 53.78 NOTE
r-devel-linux-x86_64-fedora-clang 0.1.0 82.12 NOTE
r-devel-linux-x86_64-fedora-gcc 0.1.0 80.16 NOTE
r-devel-windows-x86_64 0.1.0 6.00 64.00 70.00 NOTE
r-patched-linux-x86_64 0.1.0 4.37 61.33 65.70 NOTE
r-release-linux-x86_64 0.1.0 4.17 61.22 65.39 NOTE
r-release-macos-arm64 0.1.0 30.00 NOTE
r-release-macos-x86_64 0.1.0 45.00 NOTE
r-release-windows-x86_64 0.1.0 8.00 75.00 83.00 NOTE
r-oldrel-macos-arm64 0.1.0 26.00 NOTE
r-oldrel-windows-x86_64 0.1.0 9.00 82.00 91.00 NOTE

Check Details

Version: 0.1.0
Check: LazyData
Result: NOTE 'LazyData' is specified without a 'data' directory Flavors: r-devel-linux-x86_64-debian-clang, r-devel-linux-x86_64-debian-gcc, r-devel-linux-x86_64-fedora-clang, r-devel-linux-x86_64-fedora-gcc, r-devel-windows-x86_64, r-patched-linux-x86_64, r-release-linux-x86_64, r-release-macos-arm64, r-release-macos-x86_64, r-release-windows-x86_64, r-oldrel-macos-arm64, r-oldrel-windows-x86_64