CRAN Package Check Results for Package kernhaz

Last updated on 2021-04-19 04:51:28 CEST.

Flavor Version Tinstall Tcheck Ttotal Status Flags
r-devel-linux-x86_64-debian-clang 0.1.0 6.19 62.79 68.98 NOTE
r-devel-linux-x86_64-debian-gcc 0.1.0 5.45 50.01 55.46 NOTE
r-devel-linux-x86_64-fedora-clang 0.1.0 100.22 NOTE
r-devel-linux-x86_64-fedora-gcc 0.1.0 80.84 NOTE
r-devel-windows-ix86+x86_64 0.1.0 11.00 69.00 80.00 NOTE
r-devel-windows-x86_64-gcc10-UCRT 0.1.0 NOTE
r-patched-linux-x86_64 0.1.0 6.56 59.23 65.79 OK
r-patched-solaris-x86 0.1.0 127.10 OK
r-release-linux-x86_64 0.1.0 5.82 61.23 67.05 OK
r-release-macos-x86_64 0.1.0 OK
r-release-windows-ix86+x86_64 0.1.0 14.00 85.00 99.00 OK
r-oldrel-macos-x86_64 0.1.0 WARN
r-oldrel-windows-ix86+x86_64 0.1.0 10.00 78.00 88.00 OK

Check Details

Version: 0.1.0
Check: LazyData
Result: NOTE
     'LazyData' is specified without a 'data' directory
Flavors: r-devel-linux-x86_64-debian-clang, r-devel-linux-x86_64-debian-gcc, r-devel-linux-x86_64-fedora-clang, r-devel-linux-x86_64-fedora-gcc, r-devel-windows-ix86+x86_64, r-devel-windows-x86_64-gcc10-UCRT

Version: 0.1.0
Check: whether package can be installed
Result: WARN
    Found the following significant warnings:
     Warning: 'rgl_init' failed, running with rgl.useNULL = TRUE
Flavor: r-oldrel-macos-x86_64