CRAN Package Check Results for Package kernscr

Last updated on 2019-07-19 12:55:25 CEST.

Flavor Version Tinstall Tcheck Ttotal Status Flags
r-devel-linux-x86_64-debian-clang 1.0.3 2.32 23.05 25.37 OK
r-devel-linux-x86_64-debian-gcc 1.0.3 2.13 18.82 20.95 OK
r-devel-linux-x86_64-fedora-clang 1.0.3 30.49 OK
r-devel-linux-x86_64-fedora-gcc 1.0.3 29.40 OK
r-devel-windows-ix86+x86_64 1.0.3 10.00 36.00 46.00 OK
r-patched-linux-x86_64 1.0.3 2.48 22.98 25.46 OK
r-patched-solaris-x86 1.0.3 52.80 OK
r-release-linux-x86_64 1.0.3 2.19 23.07 25.26 OK
r-release-windows-ix86+x86_64 1.0.3 5.00 37.00 42.00 OK
r-release-osx-x86_64 1.0.3 NOTE
r-oldrel-windows-ix86+x86_64 1.0.3 4.00 46.00 50.00 OK
r-oldrel-osx-x86_64 1.0.3 OK

Check Details

Version: 1.0.3
Check: package dependencies
Result: NOTE
    Package suggested but not available for checking: ‘org.Hs.eg.db’
Flavor: r-release-osx-x86_64