CRAN Package Check Results for Package kernscr

Last updated on 2019-10-24 04:47:49 CEST.

Flavor Version Tinstall Tcheck Ttotal Status Flags
r-devel-linux-x86_64-debian-clang 1.0.5 2.82 22.46 25.28 OK
r-devel-linux-x86_64-debian-gcc 1.0.5 1.90 18.21 20.11 OK
r-devel-linux-x86_64-fedora-clang 1.0.5 31.13 OK
r-devel-linux-x86_64-fedora-gcc 1.0.5 30.44 OK
r-devel-windows-ix86+x86_64 1.0.5 6.00 57.00 63.00 OK
r-patched-linux-x86_64 1.0.5 2.63 22.66 25.29 OK
r-patched-solaris-x86 1.0.5 47.60 OK
r-release-linux-x86_64 1.0.5 2.55 22.50 25.05 OK
r-release-windows-ix86+x86_64 1.0.5 9.00 41.00 50.00 OK
r-release-osx-x86_64 1.0.5 NOTE
r-oldrel-windows-ix86+x86_64 1.0.5 5.00 53.00 58.00 OK
r-oldrel-osx-x86_64 1.0.5 OK

Check Details

Version: 1.0.5
Check: package dependencies
Result: NOTE
    Package suggested but not available for checking: ‘org.Hs.eg.db’
Flavor: r-release-osx-x86_64