CRAN Package Check Results for Package keyATM

Last updated on 2020-09-26 23:46:36 CEST.

Flavor Version Tinstall Tcheck Ttotal Status Flags
r-devel-linux-x86_64-debian-clang 0.3.1 204.16 137.27 341.43 OK
r-devel-linux-x86_64-debian-gcc 0.3.1 157.55 97.17 254.72 OK
r-devel-linux-x86_64-fedora-clang 0.3.1 509.21 NOTE
r-devel-linux-x86_64-fedora-gcc 0.3.1 463.81 OK
r-devel-windows-ix86+x86_64 0.3.1 466.00 283.00 749.00 OK
r-patched-linux-x86_64 0.3.1 161.53 132.52 294.05 OK
r-patched-solaris-x86 0.3.1 390.00 OK
r-release-linux-x86_64 0.3.1 155.41 133.16 288.57 OK
r-release-macos-x86_64 0.3.1 NOTE
r-release-windows-ix86+x86_64 0.3.1 461.00 287.00 748.00 OK
r-oldrel-macos-x86_64 0.3.1 NOTE
r-oldrel-windows-ix86+x86_64 0.3.1 414.00 266.00 680.00 OK

Check Details

Version: 0.3.1
Check: installed package size
Result: NOTE
     installed size is 14.0Mb
     sub-directories of 1Mb or more:
     libs 13.6Mb
Flavors: r-devel-linux-x86_64-fedora-clang, r-release-macos-x86_64, r-oldrel-macos-x86_64