CRAN Package Check Results for Package keyToEnglish

Last updated on 2023-12-03 10:52:07 CET.

Flavor Version Tinstall Tcheck Ttotal Status Flags
r-devel-linux-x86_64-debian-clang 0.2.1 2.93 27.10 30.03 NOTE
r-devel-linux-x86_64-debian-gcc 0.2.1 2.38 21.28 23.66 NOTE
r-devel-linux-x86_64-fedora-clang 0.2.1 38.11 NOTE
r-devel-linux-x86_64-fedora-gcc 0.2.1 35.72 NOTE
r-devel-windows-x86_64 0.2.1 4.00 47.00 51.00 NOTE
r-patched-linux-x86_64 0.2.1 3.16 26.79 29.95 NOTE
r-release-linux-x86_64 0.2.1 2.56 26.62 29.18 NOTE
r-release-macos-arm64 0.2.1 17.00 NOTE
r-release-macos-x86_64 0.2.1 25.00 NOTE
r-release-windows-x86_64 0.2.1 5.00 48.00 53.00 NOTE
r-oldrel-macos-arm64 0.2.1 18.00 OK
r-oldrel-macos-x86_64 0.2.1 22.00 OK
r-oldrel-windows-x86_64 0.2.1 5.00 49.00 54.00 OK

Check Details

Version: 0.2.1
Check: package subdirectories
Result: NOTE Problems with news in ‘NEWS.md’: Cannot extract version info from the following section titles: Minor Changes Flavors: r-devel-linux-x86_64-debian-clang, r-devel-linux-x86_64-debian-gcc, r-devel-linux-x86_64-fedora-clang, r-devel-linux-x86_64-fedora-gcc, r-devel-windows-x86_64, r-patched-linux-x86_64, r-release-linux-x86_64, r-release-macos-arm64, r-release-macos-x86_64, r-release-windows-x86_64