CRAN Package Check Results for Package keyholder

Last updated on 2019-03-24 03:47:05 CET.

Flavor Version Tinstall Tcheck Ttotal Status Flags
r-devel-linux-x86_64-debian-clang 0.1.3 3.57 50.04 53.61 OK
r-devel-linux-x86_64-debian-gcc 0.1.3 2.91 38.89 41.80 OK
r-devel-linux-x86_64-fedora-clang 0.1.3 64.27 OK
r-devel-linux-x86_64-fedora-gcc 0.1.3 60.38 OK
r-devel-windows-ix86+x86_64 0.1.3 11.00 98.00 109.00 OK
r-patched-linux-x86_64 0.1.3 2.67 50.62 53.29 OK
r-patched-solaris-x86 0.1.3 89.60 OK
r-release-linux-x86_64 0.1.3 0.30 2.33 2.63 ERROR
r-release-windows-ix86+x86_64 0.1.3 5.00 65.00 70.00 OK
r-release-osx-x86_64 0.1.3 OK
r-oldrel-windows-ix86+x86_64 0.1.3 6.00 76.00 82.00 OK
r-oldrel-osx-x86_64 0.1.3 OK

Check Details

Version: 0.1.3
Check: whether package can be installed
Result: ERROR
    Installation failed.
Flavor: r-release-linux-x86_64