CRAN Package Check Results for Package keyring

Last updated on 2020-02-28 19:52:12 CET.

Flavor Version Tinstall Tcheck Ttotal Status Flags
r-devel-linux-x86_64-debian-clang 1.1.0 9.49 34.35 43.84 OK
r-devel-linux-x86_64-debian-gcc 1.1.0 7.26 27.90 35.16 OK
r-devel-linux-x86_64-fedora-clang 1.1.0 54.71 NOTE
r-devel-linux-x86_64-fedora-gcc 1.1.0 52.76 NOTE
r-devel-windows-ix86+x86_64 1.1.0 19.00 53.00 72.00 OK
r-devel-windows-ix86+x86_64-gcc8 1.1.0 17.00 57.00 74.00 OK
r-patched-linux-x86_64 1.1.0 6.43 32.38 38.81 OK
r-patched-solaris-x86 1.1.0 59.00 OK
r-release-linux-x86_64 1.1.0 8.16 32.28 40.44 OK
r-release-windows-ix86+x86_64 1.1.0 13.00 72.00 85.00 OK
r-release-osx-x86_64 1.1.0 OK
r-oldrel-windows-ix86+x86_64 1.1.0 13.00 46.00 59.00 OK
r-oldrel-osx-x86_64 1.1.0 OK

Check Details

Version: 1.1.0
Check: top-level files
Result: NOTE
    ‘configure’: /bin/bash is not portable
Flavors: r-devel-linux-x86_64-fedora-clang, r-devel-linux-x86_64-fedora-gcc