CRAN Package Check Results for Package kgc

Last updated on 2021-10-27 18:51:06 CEST.

Flavor Version Tinstall Tcheck Ttotal Status Flags
r-devel-linux-x86_64-debian-clang 1.0.0.2 28.47 341.06 369.53 OK
r-devel-linux-x86_64-debian-gcc 1.0.0.2 24.98 265.61 290.59 OK
r-devel-linux-x86_64-fedora-clang 1.0.0.2 455.14 OK
r-devel-linux-x86_64-fedora-gcc 1.0.0.2 428.15 OK
r-devel-windows-x86_64 1.0.0.2 47.00 424.00 471.00 OK
r-devel-windows-x86_64-gcc10-UCRT 1.0.0.2 OK
r-patched-linux-x86_64 1.0.0.2 27.26 308.48 335.74 OK
r-patched-solaris-x86 1.0.0.2 363.30 WARN
r-release-linux-x86_64 1.0.0.2 27.67 308.32 335.99 OK
r-release-macos-arm64 1.0.0.2 OK
r-release-macos-x86_64 1.0.0.2 OK
r-release-windows-ix86+x86_64 1.0.0.2 39.00 403.00 442.00 OK
r-oldrel-macos-x86_64 1.0.0.2 OK
r-oldrel-windows-ix86+x86_64 1.0.0.2 37.00 412.00 449.00 OK

Check Details

Version: 1.0.0.2
Check: re-building of vignette outputs
Result: WARN
    Error(s) in re-building vignettes:
     ...
    --- re-building ‘kgc-fine.Rmd’ using rmarkdown
    Warning in engine$weave(file, quiet = quiet, encoding = enc) :
     Pandoc (>= 1.12.3) not available. Falling back to R Markdown v1.
    Loading required package: shiny
    Loading required package: shinythemes
    Loading required package: plyr
    Quitting from lines 37-53 (kgc-fine.Rmd)
    Error: processing vignette 'kgc-fine.Rmd' failed with diagnostics:
    cannot allocate vector of size 640.7 Mb
    --- failed re-building ‘kgc-fine.Rmd’
    
    --- re-building ‘kgc-vignette.Rmd’ using rmarkdown
    Warning in engine$weave(file, quiet = quiet, encoding = enc) :
     Pandoc (>= 1.12.3) not available. Falling back to R Markdown v1.
    Loading required package: shiny
    Loading required package: shinythemes
    Loading required package: plyr
    --- finished re-building ‘kgc-vignette.Rmd’
    
    SUMMARY: processing the following file failed:
     ‘kgc-fine.Rmd’
    
    Error: Vignette re-building failed.
    Execution halted
Flavor: r-patched-solaris-x86