Last updated on 2023-12-02 03:57:44 CET.
Flavor | Version | Tinstall | Tcheck | Ttotal | Status | Flags |
---|---|---|---|---|---|---|
r-devel-linux-x86_64-debian-clang | 1.11.0 | 6.11 | 156.11 | 162.22 | OK | |
r-devel-linux-x86_64-debian-gcc | 1.11.0 | 5.48 | 119.57 | 125.05 | OK | |
r-devel-linux-x86_64-fedora-clang | 1.11.0 | 202.51 | NOTE | |||
r-devel-linux-x86_64-fedora-gcc | 1.11.0 | 207.99 | OK | |||
r-devel-windows-x86_64 | 1.11.0 | 8.00 | 160.00 | 168.00 | OK | |
r-patched-linux-x86_64 | 1.11.0 | 9.72 | 146.77 | 156.49 | OK | |
r-release-linux-x86_64 | 1.11.0 | 7.85 | 151.66 | 159.51 | OK | |
r-release-macos-arm64 | 1.11.0 | 65.00 | OK | |||
r-release-macos-x86_64 | 1.11.0 | 187.00 | OK | |||
r-release-windows-x86_64 | 1.11.0 | 13.00 | 198.00 | 211.00 | OK | |
r-oldrel-macos-arm64 | 1.11.0 | 65.00 | OK | |||
r-oldrel-macos-x86_64 | 1.11.0 | 82.00 | OK | |||
r-oldrel-windows-x86_64 | 1.11.0 | 14.00 | 178.00 | 192.00 | OK |
Version: 1.11.0
Check: installed package size
Result: NOTE
installed size is 5.0Mb
sub-directories of 1Mb or more:
doc 3.3Mb
Flavor: r-devel-linux-x86_64-fedora-clang