CRAN Package Check Results for Package kindisperse

Last updated on 2021-12-07 09:53:55 CET.

Flavor Version Tinstall Tcheck Ttotal Status Flags
r-devel-linux-x86_64-debian-clang 0.10.2 11.24 130.29 141.53 OK
r-devel-linux-x86_64-debian-gcc 0.10.2 10.42 98.76 109.18 OK
r-devel-linux-x86_64-fedora-clang 0.10.2 171.20 NOTE
r-devel-linux-x86_64-fedora-gcc 0.10.2 161.69 NOTE
r-devel-windows-x86_64-new-UL 0.10.2 39.00 203.00 242.00 OK
r-devel-windows-x86_64-new-TK 0.10.2 NOTE
r-devel-windows-x86_64-old 0.10.2 24.00 149.00 173.00 OK
r-patched-linux-x86_64 0.10.2 13.06 123.66 136.72 OK
r-release-linux-x86_64 0.10.2 10.64 123.62 134.26 OK
r-release-macos-arm64 0.10.2 NOTE
r-release-macos-x86_64 0.10.2 NOTE
r-release-windows-ix86+x86_64 0.10.2 21.00 145.00 166.00 OK
r-oldrel-macos-x86_64 0.10.2 NOTE
r-oldrel-windows-ix86+x86_64 0.10.2 28.00 165.00 193.00 OK

Check Details

Version: 0.10.2
Check: dependencies in R code
Result: NOTE
    Namespaces in Imports field not imported from:
     ‘fitdistrplus’ ‘plotly’
     All declared Imports should be used.
Flavors: r-devel-linux-x86_64-fedora-clang, r-devel-linux-x86_64-fedora-gcc, r-devel-windows-x86_64-new-TK, r-release-macos-arm64, r-release-macos-x86_64, r-oldrel-macos-x86_64