CRAN Package Check Results for Package kissmig

Last updated on 2021-12-03 09:53:57 CET.

Flavor Version Tinstall Tcheck Ttotal Status Flags
r-devel-linux-x86_64-debian-clang 1.0-3 20.59 208.46 229.05 NOTE
r-devel-linux-x86_64-debian-gcc 1.0-3 21.01 152.46 173.47 NOTE
r-devel-linux-x86_64-fedora-clang 1.0-3 294.76 NOTE
r-devel-linux-x86_64-fedora-gcc 1.0-3 269.49 NOTE
r-devel-windows-x86_64-new-UL 1.0-3 38.00 233.00 271.00 NOTE
r-devel-windows-x86_64-new-TK 1.0-3 NOTE
r-devel-windows-x86_64-old 1.0-3 35.00 167.00 202.00 NOTE
r-patched-linux-x86_64 1.0-3 19.33 197.64 216.97 NOTE
r-patched-solaris-x86 1.0-3 327.60 NOTE
r-release-linux-x86_64 1.0-3 22.65 197.13 219.78 NOTE
r-release-macos-arm64 1.0-3 NOTE
r-release-macos-x86_64 1.0-3 NOTE
r-release-windows-ix86+x86_64 1.0-3 56.00 291.00 347.00 NOTE
r-oldrel-macos-x86_64 1.0-3 NOTE
r-oldrel-windows-ix86+x86_64 1.0-3 59.00 307.00 366.00 NOTE

Check Details

Version: 1.0-3
Check: R code for possible problems
Result: NOTE
    kissmigDummyS: no visible global function definition for 'dnorm'
    Undefined global functions or variables:
     dnorm
    Consider adding
     importFrom("stats", "dnorm")
    to your NAMESPACE file.
Flavors: r-devel-linux-x86_64-debian-clang, r-devel-linux-x86_64-debian-gcc, r-devel-linux-x86_64-fedora-clang, r-devel-linux-x86_64-fedora-gcc, r-devel-windows-x86_64-new-UL, r-devel-windows-x86_64-new-TK, r-devel-windows-x86_64-old, r-patched-linux-x86_64, r-patched-solaris-x86, r-release-linux-x86_64, r-release-macos-arm64, r-release-macos-x86_64, r-release-windows-ix86+x86_64, r-oldrel-macos-x86_64, r-oldrel-windows-ix86+x86_64

Version: 1.0-3
Check: compiled code
Result: NOTE
    File ‘kissmig/libs/kissmig.so’:
     Found no calls to: ‘R_registerRoutines’, ‘R_useDynamicSymbols’
    
    It is good practice to register native routines and to disable symbol
    search.
    
    See ‘Writing portable packages’ in the ‘Writing R Extensions’ manual.
Flavors: r-devel-linux-x86_64-fedora-clang, r-devel-linux-x86_64-fedora-gcc