CRAN Package Check Results for Package kittyR

Last updated on 2021-05-16 20:46:54 CEST.

Flavor Version Tinstall Tcheck Ttotal Status Flags
r-devel-linux-x86_64-debian-clang 1.1.0 6.34 54.11 60.45 OK
r-devel-linux-x86_64-debian-gcc 1.1.0 4.49 40.44 44.93 OK
r-devel-linux-x86_64-fedora-clang 1.1.0 77.36 OK
r-devel-linux-x86_64-fedora-gcc 1.1.0 67.02 OK
r-devel-windows-ix86+x86_64 1.1.0 17.00 69.00 86.00 OK
r-devel-windows-x86_64-gcc10-UCRT 1.1.0 OK
r-patched-linux-x86_64 1.1.0 5.25 49.54 54.79 OK
r-patched-solaris-x86 1.1.0 108.80 NOTE
r-release-linux-x86_64 1.1.0 5.54 49.98 55.52 OK
r-release-macos-x86_64 1.1.0 OK
r-release-windows-ix86+x86_64 1.1.0 13.00 57.00 70.00 OK
r-oldrel-macos-x86_64 1.1.0 OK
r-oldrel-windows-ix86+x86_64 1.1.0 11.00 81.00 92.00 OK

Check Details

Version: 1.1.0
Check: installed package size
Result: NOTE
     installed size is 5.1Mb
     sub-directories of 1Mb or more:
     sounds 4.1Mb
Flavor: r-patched-solaris-x86