CRAN Package Check Results for Package kknn

Last updated on 2021-05-17 16:48:25 CEST.

Flavor Version Tinstall Tcheck Ttotal Status Flags
r-devel-linux-x86_64-debian-clang 1.3.1 9.10 72.83 81.93 OK
r-devel-linux-x86_64-debian-gcc 1.3.1 7.48 55.34 62.82 OK
r-devel-linux-x86_64-fedora-clang 1.3.1 105.23 NOTE
r-devel-linux-x86_64-fedora-gcc 1.3.1 95.59 NOTE
r-devel-windows-ix86+x86_64 1.3.1 21.00 90.00 111.00 OK
r-devel-windows-x86_64-gcc10-UCRT 1.3.1 OK
r-patched-linux-x86_64 1.3.1 11.91 70.09 82.00 OK
r-patched-solaris-x86 1.3.1 143.30 OK
r-release-linux-x86_64 1.3.1 8.72 68.12 76.84 OK
r-release-macos-x86_64 1.3.1 OK
r-release-windows-ix86+x86_64 1.3.1 15.00 95.00 110.00 OK
r-oldrel-macos-x86_64 1.3.1 OK
r-oldrel-windows-ix86+x86_64 1.3.1 14.00 129.00 143.00 OK

Check Details

Version: 1.3.1
Check: compiled code
Result: NOTE
    File ‘kknn/libs/kknn.so’:
     Found no calls to: ‘R_registerRoutines’, ‘R_useDynamicSymbols’
    
    It is good practice to register native routines and to disable symbol
    search.
    
    See ‘Writing portable packages’ in the ‘Writing R Extensions’ manual.
Flavors: r-devel-linux-x86_64-fedora-clang, r-devel-linux-x86_64-fedora-gcc