CRAN Package Check Results for Package kknn

Last updated on 2023-02-09 08:55:04 CET.

Flavor Version Tinstall Tcheck Ttotal Status Flags
r-devel-linux-x86_64-debian-clang 1.3.1 8.87 84.65 93.52 OK
r-devel-linux-x86_64-debian-gcc 1.3.1 8.55 63.64 72.19 OK
r-devel-linux-x86_64-fedora-clang 1.3.1 117.14 NOTE
r-devel-linux-x86_64-fedora-gcc 1.3.1 115.51 NOTE
r-devel-windows-x86_64 1.3.1 16.00 118.00 134.00 OK
r-patched-linux-x86_64 1.3.1 14.12 81.91 96.03 OK
r-release-linux-x86_64 1.3.1 9.24 81.23 90.47 OK
r-release-macos-arm64 1.3.1 35.00 OK
r-release-macos-x86_64 1.3.1 47.00 OK
r-release-windows-x86_64 1.3.1 19.00 117.00 136.00 OK
r-oldrel-macos-arm64 1.3.1 37.00 OK
r-oldrel-macos-x86_64 1.3.1 66.00 OK
r-oldrel-windows-ix86+x86_64 1.3.1 23.00 138.00 161.00 OK

Check Details

Version: 1.3.1
Check: compiled code
Result: NOTE
    File ‘kknn/libs/kknn.so’:
     Found no calls to: ‘R_registerRoutines’, ‘R_useDynamicSymbols’
    
    It is good practice to register native routines and to disable symbol
    search.
    
    See ‘Writing portable packages’ in the ‘Writing R Extensions’ manual.
Flavors: r-devel-linux-x86_64-fedora-clang, r-devel-linux-x86_64-fedora-gcc