Last updated on 2021-03-01 16:49:53 CET.
Flavor | Version | Tinstall | Tcheck | Ttotal | Status | Flags |
---|---|---|---|---|---|---|
r-devel-linux-x86_64-debian-clang | 1.3.1 | OK | ||||
r-devel-linux-x86_64-debian-gcc | 1.3.1 | 7.32 | 56.56 | 63.88 | OK | |
r-devel-linux-x86_64-fedora-clang | 1.3.1 | 108.73 | NOTE | |||
r-devel-linux-x86_64-fedora-gcc | 1.3.1 | 97.47 | NOTE | |||
r-devel-windows-ix86+x86_64 | 1.3.1 | 17.00 | 93.00 | 110.00 | OK | |
r-patched-linux-x86_64 | 1.3.1 | 8.26 | 68.10 | 76.36 | OK | |
r-patched-solaris-x86 | 1.3.1 | 146.60 | OK | |||
r-release-linux-x86_64 | 1.3.1 | 8.12 | 68.18 | 76.30 | OK | |
r-release-macos-x86_64 | 1.3.1 | OK | ||||
r-release-windows-ix86+x86_64 | 1.3.1 | 29.00 | 5.00 | 34.00 | ERROR | |
r-oldrel-macos-x86_64 | 1.3.1 | OK | ||||
r-oldrel-windows-ix86+x86_64 | 1.3.1 | 12.00 | 110.00 | 122.00 | OK |
Version: 1.3.1
Check: compiled code
Result: NOTE
File ‘kknn/libs/kknn.so’:
Found no calls to: ‘R_registerRoutines’, ‘R_useDynamicSymbols’
It is good practice to register native routines and to disable symbol
search.
See ‘Writing portable packages’ in the ‘Writing R Extensions’ manual.
Flavors: r-devel-linux-x86_64-fedora-clang, r-devel-linux-x86_64-fedora-gcc
Version: 1.3.1
Check: whether package can be installed
Result: ERROR
Installation failed.
Flavor: r-release-windows-ix86+x86_64