CRAN Package Check Results for Package kknn

Last updated on 2021-09-20 14:51:01 CEST.

Flavor Version Tinstall Tcheck Ttotal Status Flags
r-devel-linux-x86_64-debian-clang 1.3.1 8.87 74.27 83.14 OK
r-devel-linux-x86_64-debian-gcc 1.3.1 7.55 55.77 63.32 OK
r-devel-linux-x86_64-fedora-clang 1.3.1 107.08 NOTE
r-devel-linux-x86_64-fedora-gcc 1.3.1 95.48 NOTE
r-devel-windows-x86_64 1.3.1 9.00 73.00 82.00 OK
r-devel-windows-x86_64-gcc10-UCRT 1.3.1 ERROR
r-patched-linux-x86_64 1.3.1 11.38 71.48 82.86 OK
r-patched-solaris-x86 1.3.1 142.50 OK
r-release-linux-x86_64 1.3.1 9.78 72.04 81.82 OK
r-release-macos-arm64 1.3.1 OK
r-release-macos-x86_64 1.3.1 OK
r-release-windows-ix86+x86_64 1.3.1 21.00 90.00 111.00 OK
r-oldrel-macos-x86_64 1.3.1 OK
r-oldrel-windows-ix86+x86_64 1.3.1 20.00 97.00 117.00 OK

Check Details

Version: 1.3.1
Check: compiled code
Result: NOTE
    File ‘kknn/libs/kknn.so’:
     Found no calls to: ‘R_registerRoutines’, ‘R_useDynamicSymbols’
    
    It is good practice to register native routines and to disable symbol
    search.
    
    See ‘Writing portable packages’ in the ‘Writing R Extensions’ manual.
Flavors: r-devel-linux-x86_64-fedora-clang, r-devel-linux-x86_64-fedora-gcc

Version: 1.3.1
Check: whether package can be installed
Result: ERROR
    Installation failed.
Flavor: r-devel-windows-x86_64-gcc10-UCRT