CRAN Package Check Results for Package kldest

Last updated on 2024-06-13 14:49:03 CEST.

Flavor Version Tinstall Tcheck Ttotal Status Flags
r-devel-linux-x86_64-debian-clang 1.0.0 3.40 55.47 58.87 OK
r-devel-linux-x86_64-debian-gcc 1.0.0 2.22 24.25 26.47 ERROR
r-devel-linux-x86_64-fedora-clang 1.0.0 71.38 OK
r-devel-linux-x86_64-fedora-gcc 1.0.0 66.24 OK
r-devel-windows-x86_64 1.0.0 4.00 65.00 69.00 OK
r-patched-linux-x86_64 1.0.0 3.63 51.36 54.99 OK
r-release-linux-x86_64 1.0.0 2.06 51.84 53.90 OK
r-release-macos-arm64 1.0.0 23.00 OK
r-release-macos-x86_64 1.0.0 35.00 OK
r-release-windows-x86_64 1.0.0 3.00 67.00 70.00 OK
r-oldrel-macos-arm64 1.0.0 30.00 OK
r-oldrel-macos-x86_64 1.0.0 60.00 OK
r-oldrel-windows-x86_64 1.0.0 4.00 72.00 76.00 OK

Check Details

Version: 1.0.0
Check: package dependencies
Result: NOTE Package suggested but not available for checking: ‘testthat’ Flavor: r-devel-linux-x86_64-debian-gcc

Version: 1.0.0
Check: tests
Result: ERROR Running ‘testthat.R’ [0s/1s] Running the tests in ‘tests/testthat.R’ failed. Complete output: > # This file is part of the standard setup for testthat. > # It is recommended that you do not modify it. > # > # Where should you do additional test configuration? > # Learn more about the roles of various files in: > # * https://r-pkgs.org/testing-design.html#sec-tests-files-overview > # * https://testthat.r-lib.org/articles/special-files.html > > library(testthat) Error in library(testthat) : there is no package called 'testthat' Execution halted Flavor: r-devel-linux-x86_64-debian-gcc