Last updated on 2021-01-23 22:55:12 CET.
Flavor | Version | Tinstall | Tcheck | Ttotal | Status | Flags |
---|---|---|---|---|---|---|
r-devel-linux-x86_64-debian-clang | 0.1.0 | 2.73 | 232.44 | 235.17 | OK | |
r-devel-linux-x86_64-debian-gcc | 0.1.0 | 2.21 | 161.14 | 163.35 | OK | |
r-devel-linux-x86_64-fedora-clang | 0.1.0 | 268.35 | NOTE | |||
r-devel-linux-x86_64-fedora-gcc | 0.1.0 | 261.29 | NOTE | |||
r-devel-windows-ix86+x86_64 | 0.1.0 | 7.00 | 214.00 | 221.00 | OK | |
r-patched-linux-x86_64 | 0.1.0 | 2.46 | 211.91 | 214.37 | OK | |
r-patched-solaris-x86 | 0.1.0 | 394.60 | NOTE | |||
r-release-linux-x86_64 | 0.1.0 | 2.83 | 207.86 | 210.69 | OK | |
r-release-macos-x86_64 | 0.1.0 | NOTE | ||||
r-release-windows-ix86+x86_64 | 0.1.0 | 11.00 | 254.00 | 265.00 | OK | |
r-oldrel-macos-x86_64 | 0.1.0 | NOTE | ||||
r-oldrel-windows-ix86+x86_64 | 0.1.0 | 4.00 | 260.00 | 264.00 | OK |
Version: 0.1.0
Check: dependencies in R code
Result: NOTE
Namespaces in Imports field not imported from:
‘Rcpp’ ‘SnowballC’ ‘stringi’
All declared Imports should be used.
Flavors: r-devel-linux-x86_64-fedora-clang, r-devel-linux-x86_64-fedora-gcc, r-patched-solaris-x86, r-release-macos-x86_64, r-oldrel-macos-x86_64