CRAN Package Check Results for Package klustR

Last updated on 2021-05-15 15:48:13 CEST.

Flavor Version Tinstall Tcheck Ttotal Status Flags
r-devel-linux-x86_64-debian-clang 0.1.0 2.33 24.33 26.66 NOTE
r-devel-linux-x86_64-debian-gcc 0.1.0 1.66 19.33 20.99 NOTE
r-devel-linux-x86_64-fedora-clang 0.1.0 42.72 NOTE
r-devel-linux-x86_64-fedora-gcc 0.1.0 30.93 NOTE
r-devel-windows-ix86+x86_64 0.1.0 8.00 31.00 39.00 NOTE
r-devel-windows-x86_64-gcc10-UCRT 0.1.0 NOTE
r-patched-linux-x86_64 0.1.0 2.45 23.93 26.38 NOTE
r-patched-solaris-x86 0.1.0 53.20 NOTE
r-release-linux-x86_64 0.1.0 2.24 23.72 25.96 OK
r-release-macos-x86_64 0.1.0 OK
r-release-windows-ix86+x86_64 0.1.0 4.00 41.00 45.00 OK
r-oldrel-macos-x86_64 0.1.0 OK
r-oldrel-windows-ix86+x86_64 0.1.0 3.00 35.00 38.00 OK

Check Details

Version: 0.1.0
Check: LazyData
Result: NOTE
     'LazyData' is specified without a 'data' directory
Flavors: r-devel-linux-x86_64-debian-clang, r-devel-linux-x86_64-debian-gcc, r-devel-linux-x86_64-fedora-clang, r-devel-linux-x86_64-fedora-gcc, r-devel-windows-ix86+x86_64, r-devel-windows-x86_64-gcc10-UCRT, r-patched-linux-x86_64, r-patched-solaris-x86