CRAN Package Check Results for Package kml3d

Last updated on 2021-05-14 18:48:15 CEST.

Flavor Version Tinstall Tcheck Ttotal Status Flags
r-devel-linux-x86_64-debian-clang 2.4.2 10.69 70.54 81.23 NOTE
r-devel-linux-x86_64-debian-gcc 2.4.2 8.14 55.51 63.65 NOTE
r-devel-linux-x86_64-fedora-clang 2.4.2 110.25 NOTE
r-devel-linux-x86_64-fedora-gcc 2.4.2 97.08 NOTE
r-devel-windows-ix86+x86_64 2.4.2 22.00 67.00 89.00 OK
r-devel-windows-x86_64-gcc10-UCRT 2.4.2 OK
r-patched-linux-x86_64 2.4.2 18.28 69.72 88.00 NOTE
r-patched-solaris-x86 2.4.2 133.10 NOTE
r-release-linux-x86_64 2.4.2 10.77 67.72 78.49 NOTE
r-release-macos-x86_64 2.4.2 OK
r-release-windows-ix86+x86_64 2.4.2 17.00 97.00 114.00 OK
r-oldrel-macos-x86_64 2.4.2 WARN
r-oldrel-windows-ix86+x86_64 2.4.2 17.00 79.00 96.00 OK

Check Details

Version: 2.4.2
Check: for non-standard things in the check directory
Result: NOTE
    Found the following files/directories:
     'cld1.Rdata' 'main.tex' 'myCld.Rdata' 'myCld3d.Rdata' 'scene.asy'
Flavors: r-devel-linux-x86_64-debian-clang, r-devel-linux-x86_64-debian-gcc, r-devel-linux-x86_64-fedora-clang, r-devel-linux-x86_64-fedora-gcc, r-patched-linux-x86_64, r-patched-solaris-x86, r-release-linux-x86_64

Version: 2.4.2
Check: whether package can be installed
Result: WARN
    Found the following significant warnings:
     Warning: 'rgl_init' failed, running with rgl.useNULL = TRUE
Flavor: r-oldrel-macos-x86_64