CRAN Package Check Results for Package kmodR

Last updated on 2020-04-08 01:48:59 CEST.

Flavor Version Tinstall Tcheck Ttotal Status Flags
r-devel-linux-x86_64-debian-clang 0.1.0 1.96 20.61 22.57 NOTE
r-devel-linux-x86_64-debian-gcc 0.1.0 1.48 16.14 17.62 NOTE
r-devel-linux-x86_64-fedora-clang 0.1.0 27.82 NOTE
r-devel-linux-x86_64-fedora-gcc 0.1.0 29.19 NOTE
r-devel-windows-ix86+x86_64 0.1.0 4.00 43.00 47.00 NOTE
r-devel-windows-ix86+x86_64-gcc8 0.1.0 5.00 34.00 39.00 NOTE
r-patched-linux-x86_64 0.1.0 2.03 19.96 21.99 NOTE
r-patched-solaris-x86 0.1.0 42.90 NOTE
r-release-linux-x86_64 0.1.0 1.50 18.73 20.23 NOTE
r-release-windows-ix86+x86_64 0.1.0 4.00 49.00 53.00 NOTE
r-release-osx-x86_64 0.1.0 NOTE
r-oldrel-windows-ix86+x86_64 0.1.0 3.00 34.00 37.00 NOTE
r-oldrel-osx-x86_64 0.1.0 NOTE

Check Details

Version: 0.1.0
Check: R code for possible problems
Result: NOTE
    C_zero : <anonymous>: no visible global function definition for 'runif'
    get_extra_centroid_index: no visible global function definition for
     'head'
    get_within_cluster_ss: no visible global function definition for
     'aggregate'
    kmod: no visible global function definition for 'head'
    kmod: no visible global function definition for 'tail'
    Undefined global functions or variables:
     aggregate head runif tail
    Consider adding
     importFrom("stats", "aggregate", "runif")
     importFrom("utils", "head", "tail")
    to your NAMESPACE file.
Flavors: r-devel-linux-x86_64-debian-clang, r-devel-linux-x86_64-debian-gcc, r-devel-linux-x86_64-fedora-clang, r-devel-linux-x86_64-fedora-gcc, r-devel-windows-ix86+x86_64, r-devel-windows-ix86+x86_64-gcc8, r-patched-linux-x86_64, r-patched-solaris-x86, r-release-linux-x86_64, r-release-windows-ix86+x86_64, r-release-osx-x86_64, r-oldrel-windows-ix86+x86_64, r-oldrel-osx-x86_64