CRAN Package Check Results for Package knitr

Last updated on 2020-08-06 21:48:34 CEST.

Flavor Version Tinstall Tcheck Ttotal Status Flags
r-devel-linux-x86_64-debian-clang 1.29 9.04 85.85 94.89 OK
r-devel-linux-x86_64-debian-gcc 1.29 8.50 65.69 74.19 OK
r-devel-linux-x86_64-fedora-clang 1.29 122.05 OK
r-devel-linux-x86_64-fedora-gcc 1.29 124.40 OK
r-devel-windows-ix86+x86_64 1.29 25.00 121.00 146.00 OK
r-patched-linux-x86_64 1.29 12.19 86.32 98.51 OK
r-patched-solaris-x86 1.29 144.60 NOTE
r-release-linux-x86_64 1.29 9.79 84.16 93.95 OK
r-release-macos-x86_64 1.29 OK
r-release-windows-ix86+x86_64 1.29 24.00 147.00 171.00 OK
r-oldrel-macos-x86_64 1.29 OK
r-oldrel-windows-ix86+x86_64 1.29 17.00 114.00 131.00 OK

Check Details

Version: 1.29
Check: package dependencies
Result: NOTE
    Package suggested but not available for checking: ‘gifski’
Flavor: r-patched-solaris-x86