CRAN Package Check Results for Package knitr

Last updated on 2020-02-27 18:50:03 CET.

Flavor Version Tinstall Tcheck Ttotal Status Flags
r-devel-linux-x86_64-debian-clang 1.28 9.74 89.45 99.19 OK
r-devel-linux-x86_64-debian-gcc 1.28 9.54 69.78 79.32 OK
r-devel-linux-x86_64-fedora-clang 1.28 127.34 OK
r-devel-linux-x86_64-fedora-gcc 1.28 118.12 OK
r-devel-windows-ix86+x86_64 1.28 19.00 116.00 135.00 OK
r-devel-windows-ix86+x86_64-gcc8 1.28 18.00 119.00 137.00 OK
r-patched-linux-x86_64 1.28 8.87 82.22 91.09 OK
r-patched-solaris-x86 1.28 139.30 NOTE
r-release-linux-x86_64 1.28 9.53 81.33 90.86 OK
r-release-windows-ix86+x86_64 1.28 17.00 105.00 122.00 OK
r-release-osx-x86_64 1.28 OK
r-oldrel-windows-ix86+x86_64 1.28 54.00 95.00 149.00 OK
r-oldrel-osx-x86_64 1.28 OK

Check Details

Version: 1.28
Check: package dependencies
Result: NOTE
    Package suggested but not available for checking: ‘gifski’
Flavor: r-patched-solaris-x86