CRAN Package Check Results for Package knitr

Last updated on 2021-09-26 17:49:16 CEST.

Flavor Version Tinstall Tcheck Ttotal Status Flags
r-devel-linux-x86_64-debian-clang 1.34 12.01 100.29 112.30 OK
r-devel-linux-x86_64-debian-gcc 1.34 10.01 76.14 86.15 OK
r-devel-linux-x86_64-fedora-clang 1.34 137.73 OK
r-devel-linux-x86_64-fedora-gcc 1.34 140.54 OK
r-devel-windows-x86_64 1.34 13.00 118.00 131.00 OK
r-devel-windows-x86_64-gcc10-UCRT 1.34 OK
r-patched-linux-x86_64 1.34 15.53 99.28 114.81 OK
r-patched-solaris-x86 1.34 166.10 NOTE
r-release-linux-x86_64 1.34 10.85 99.29 110.14 OK
r-release-macos-arm64 1.34 OK
r-release-macos-x86_64 1.34 OK
r-release-windows-ix86+x86_64 1.34 20.00 103.00 123.00 OK
r-oldrel-macos-x86_64 1.34 OK
r-oldrel-windows-ix86+x86_64 1.34 16.00 98.00 114.00 OK

Check Details

Version: 1.34
Check: package dependencies
Result: NOTE
    Package suggested but not available for checking: ‘gifski’
Flavor: r-patched-solaris-x86