CRAN Package Check Results for Package knitr

Last updated on 2020-10-30 11:50:48 CET.

Flavor Version Tinstall Tcheck Ttotal Status Flags
r-devel-linux-x86_64-debian-clang 1.30 14.44 90.46 104.90 OK
r-devel-linux-x86_64-debian-gcc 1.30 7.81 70.24 78.05 OK
r-devel-linux-x86_64-fedora-clang 1.30 136.92 OK
r-devel-linux-x86_64-fedora-gcc 1.30 130.16 OK
r-devel-windows-ix86+x86_64 1.30 19.00 131.00 150.00 OK
r-patched-linux-x86_64 1.30 11.00 85.30 96.30 OK
r-patched-solaris-x86 1.30 155.90 NOTE
r-release-linux-x86_64 1.30 10.22 85.33 95.55 OK
r-release-macos-x86_64 1.30 OK
r-release-windows-ix86+x86_64 1.30 16.00 98.00 114.00 OK
r-oldrel-macos-x86_64 1.30 OK
r-oldrel-windows-ix86+x86_64 1.30 17.00 122.00 139.00 OK

Check Details

Version: 1.30
Check: package dependencies
Result: NOTE
    Packages suggested but not available for checking: 'gifski', 'ragg'
Flavor: r-patched-solaris-x86