CRAN Package Check Results for Package knitrProgressBar

Last updated on 2019-08-22 00:51:15 CEST.

Flavor Version Tinstall Tcheck Ttotal Status Flags
r-devel-linux-x86_64-debian-clang 1.1.0 4.05 25.90 29.95 NOTE
r-devel-linux-x86_64-debian-gcc 1.1.0 3.35 20.66 24.01 NOTE
r-devel-linux-x86_64-fedora-clang 1.1.0 38.44 NOTE
r-devel-linux-x86_64-fedora-gcc 1.1.0 35.78 NOTE
r-devel-windows-ix86+x86_64 1.1.0 12.00 66.00 78.00 OK
r-patched-linux-x86_64 1.1.0 3.55 25.68 29.23 OK
r-patched-solaris-x86 1.1.0 53.30 OK
r-release-linux-x86_64 1.1.0 4.07 25.77 29.84 OK
r-release-windows-ix86+x86_64 1.1.0 7.00 63.00 70.00 OK
r-release-osx-x86_64 1.1.0 OK
r-oldrel-windows-ix86+x86_64 1.1.0 7.00 57.00 64.00 OK
r-oldrel-osx-x86_64 1.1.0 OK

Check Details

Version: 1.1.0
Check: for non-standard things in the check directory
Result: NOTE
    Found the following files/directories:
     'Killed after '
Flavors: r-devel-linux-x86_64-debian-clang, r-devel-linux-x86_64-debian-gcc, r-devel-linux-x86_64-fedora-clang, r-devel-linux-x86_64-fedora-gcc