CRAN Package Check Results for Package knitrdata

Last updated on 2020-09-27 12:48:39 CEST.

Flavor Version Tinstall Tcheck Ttotal Status Flags
r-devel-linux-x86_64-debian-clang 0.5.0 2.58 36.59 39.17 OK
r-devel-linux-x86_64-debian-gcc 0.5.0 1.95 29.99 31.94 OK
r-devel-linux-x86_64-fedora-clang 0.5.0 57.81 OK
r-devel-linux-x86_64-fedora-gcc 0.5.0 48.90 OK
r-devel-windows-ix86+x86_64 0.5.0 6.00 57.00 63.00 OK
r-patched-linux-x86_64 0.5.0 2.26 36.78 39.04 OK
r-patched-solaris-x86 0.5.0 65.30 NOTE
r-release-linux-x86_64 0.5.0 2.37 36.83 39.20 OK
r-release-macos-x86_64 0.5.0 WARN
r-release-windows-ix86+x86_64 0.5.0 6.00 63.00 69.00 OK
r-oldrel-macos-x86_64 0.5.0 WARN
r-oldrel-windows-ix86+x86_64 0.5.0 5.00 59.00 64.00 OK

Check Details

Version: 0.5.0
Check: package dependencies
Result: NOTE
    Package suggested but not available for checking: ‘gpg’
Flavor: r-patched-solaris-x86

Version: 0.5.0
Check: re-building of vignette outputs
Result: WARN
    Error(s) in re-building vignettes:
     ...
    --- re-building ‘data_language_engine_vignette.Rmd’ using rmarkdown_notangle
    Warning in engine$weave(file, quiet = quiet, encoding = enc) :
     Pandoc (>= 1.12.3) and/or pandoc-citeproc not available. Falling back to R Markdown v1.
    Loading required namespace: gpg
    Quitting from lines 126-127 (data_language_engine_vignette.Rmd)
    Error: processing vignette 'data_language_engine_vignette.Rmd' failed with diagnostics:
    object 'params' not found
    --- failed re-building ‘data_language_engine_vignette.Rmd’
    
    SUMMARY: processing the following file failed:
     ‘data_language_engine_vignette.Rmd’
    
    Error: Vignette re-building failed.
    Execution halted
Flavors: r-release-macos-x86_64, r-oldrel-macos-x86_64